{"id":4020,"date":"2020-06-16T17:17:05","date_gmt":"2020-06-16T22:17:05","guid":{"rendered":"http:\/\/arsnovamx.com\/explotumarca.com\/?post_type=product&#038;p=4020"},"modified":"2021-08-22T19:48:03","modified_gmt":"2021-08-23T00:48:03","slug":"gel-antibacterial-de-bolsillo","status":"publish","type":"product","link":"https:\/\/explotumarca.com\/?product=gel-antibacterial-de-bolsillo","title":{"rendered":"Gel IMANPA"},"content":{"rendered":"<h3>Gel de Bolsillo<\/h3>\n<p>Nuevo producto\u00a0Gel de Bolsillo IMANPA<\/p>\n<p>MATERIAL: Pl\u00e1stico \/ Silic\u00f3n<\/p>\n<p>MEDIDA: 4.2 X 12.5<\/p>\n<p>\u00c1REA DE IMPRESI\u00d3N: 2 X 2CM<\/p>\n<p>T\u00c9CNICA DE IMPRESI\u00d3N: Serigraf\u00eda \/ Tampograf\u00eda<\/p>\n<p>CAPACIDAD: 30ml<\/p>\n<p>COLORES: A\/B\/R<\/p>\n","protected":false},"excerpt":{"rendered":"<p>Gel de Bolsillo Nuevo producto\u00a0Gel de Bolsillo IMANPA MATERIAL: Pl\u00e1stico \/ Silic\u00f3n MEDIDA: 4.2 X 12.5 \u00c1REA DE IMPRESI\u00d3N: 2 X 2CM T\u00c9CNICA DE IMPRESI\u00d3N: Serigraf\u00eda \/ Tampograf\u00eda CAPACIDAD: 30ml COLORES: A\/B\/R<\/p>\n","protected":false},"featured_media":4021,"template":"","meta":{"content-type":""},"product_cat":[41,90],"product_tag":[],"class_list":{"0":"post-4020","1":"product","2":"type-product","3":"status-publish","4":"has-post-thumbnail","6":"product_cat-articulos-promocionales","7":"product_cat-productos-c19","9":"first","10":"instock","11":"taxable","12":"shipping-taxable","13":"purchasable","14":"product-type-simple"},"yoast_head":"<!-- This site is optimized with the Yoast SEO Premium plugin v18.8 (Yoast SEO v26.8) - https:\/\/yoast.com\/product\/yoast-seo-premium-wordpress\/ -->\n<title>Gel Antibacterial de Bolsillo $18.5 pesos ponle tu logo o publicidad<\/title>\n<meta name=\"description\" content=\"Tenemos diversos modelos de Gel Antibacterial de Bolsillo para que tus clientes te recuerden siempre personalizalos con tu marca, logo o publicidad.\" \/>\n<meta name=\"robots\" content=\"index, follow, max-snippet:-1, max-image-preview:large, max-video-preview:-1\" \/>\n<link rel=\"canonical\" href=\"https:\/\/explotumarca.com\/?product=gel-antibacterial-de-bolsillo\" \/>\n<meta property=\"og:locale\" content=\"es_MX\" \/>\n<meta property=\"og:type\" content=\"article\" \/>\n<meta property=\"og:title\" content=\"Gel IMANPA\" \/>\n<meta property=\"og:description\" content=\"Gel de Bolsillo Nuevo producto\u00a0Gel de Bolsillo IMANPA MATERIAL: Pl\u00e1stico \/ Silic\u00f3n MEDIDA: 4.2 X 12.5 \u00c1REA DE IMPRESI\u00d3N: 2 X 2CM T\u00c9CNICA DE IMPRESI\u00d3N:\" \/>\n<meta property=\"og:url\" content=\"https:\/\/explotumarca.com\/?product=gel-antibacterial-de-bolsillo\" \/>\n<meta property=\"og:site_name\" content=\"Explo\" \/>\n<meta property=\"article:publisher\" content=\"https:\/\/www.facebook.com\/MexicoExplo\/\" \/>\n<meta property=\"article:modified_time\" content=\"2021-08-23T00:48:03+00:00\" \/>\n<meta property=\"og:image\" content=\"https:\/\/explotumarca.com\/wp-content\/uploads\/2020\/06\/SLD-030.jpg\" \/>\n\t<meta property=\"og:image:width\" content=\"641\" \/>\n\t<meta property=\"og:image:height\" content=\"641\" \/>\n\t<meta property=\"og:image:type\" content=\"image\/jpeg\" \/>\n<meta name=\"twitter:card\" content=\"summary_large_image\" \/>\n<meta name=\"twitter:label1\" content=\"Tiempo de lectura\" \/>\n\t<meta name=\"twitter:data1\" content=\"1 minuto\" \/>\n<script type=\"application\/ld+json\" class=\"yoast-schema-graph\">{\"@context\":\"https:\/\/schema.org\",\"@graph\":[{\"@type\":\"WebPage\",\"@id\":\"https:\/\/explotumarca.com\/?product=gel-antibacterial-de-bolsillo\",\"url\":\"https:\/\/explotumarca.com\/?product=gel-antibacterial-de-bolsillo\",\"name\":\"Gel Antibacterial de Bolsillo $18.5 pesos ponle tu logo o publicidad\",\"isPartOf\":{\"@id\":\"https:\/\/explotumarca.com\/#website\"},\"primaryImageOfPage\":{\"@id\":\"https:\/\/explotumarca.com\/?product=gel-antibacterial-de-bolsillo#primaryimage\"},\"image\":{\"@id\":\"https:\/\/explotumarca.com\/?product=gel-antibacterial-de-bolsillo#primaryimage\"},\"thumbnailUrl\":\"https:\/\/explotumarca.com\/wp-content\/uploads\/2020\/06\/SLD-030.jpg\",\"datePublished\":\"2020-06-16T22:17:05+00:00\",\"dateModified\":\"2021-08-23T00:48:03+00:00\",\"description\":\"Tenemos diversos modelos de Gel Antibacterial de Bolsillo para que tus clientes te recuerden siempre personalizalos con tu marca, logo o publicidad.\",\"breadcrumb\":{\"@id\":\"https:\/\/explotumarca.com\/?product=gel-antibacterial-de-bolsillo#breadcrumb\"},\"inLanguage\":\"es\",\"potentialAction\":[{\"@type\":\"ReadAction\",\"target\":[\"https:\/\/explotumarca.com\/?product=gel-antibacterial-de-bolsillo\"]}]},{\"@type\":\"ImageObject\",\"inLanguage\":\"es\",\"@id\":\"https:\/\/explotumarca.com\/?product=gel-antibacterial-de-bolsillo#primaryimage\",\"url\":\"https:\/\/explotumarca.com\/wp-content\/uploads\/2020\/06\/SLD-030.jpg\",\"contentUrl\":\"https:\/\/explotumarca.com\/wp-content\/uploads\/2020\/06\/SLD-030.jpg\",\"width\":641,\"height\":641,\"caption\":\"Art\u00cdculos Promocionales cuidado de la salud para prevenci\u00f3n de COVID CORONAVIRUS PANDEMIA\"},{\"@type\":\"BreadcrumbList\",\"@id\":\"https:\/\/explotumarca.com\/?product=gel-antibacterial-de-bolsillo#breadcrumb\",\"itemListElement\":[{\"@type\":\"ListItem\",\"position\":1,\"name\":\"Inicio\",\"item\":\"https:\/\/explotumarca.com\/\"},{\"@type\":\"ListItem\",\"position\":2,\"name\":\"Productos\",\"item\":\"https:\/\/explotumarca.com\/?post_type=product\"},{\"@type\":\"ListItem\",\"position\":3,\"name\":\"Gel IMANPA\"}]},{\"@type\":\"WebSite\",\"@id\":\"https:\/\/explotumarca.com\/#website\",\"url\":\"https:\/\/explotumarca.com\/\",\"name\":\"Explo\",\"description\":\"Productos y servicios corporativos\",\"publisher\":{\"@id\":\"https:\/\/explotumarca.com\/#organization\"},\"potentialAction\":[{\"@type\":\"SearchAction\",\"target\":{\"@type\":\"EntryPoint\",\"urlTemplate\":\"https:\/\/explotumarca.com\/?s={search_term_string}\"},\"query-input\":{\"@type\":\"PropertyValueSpecification\",\"valueRequired\":true,\"valueName\":\"search_term_string\"}}],\"inLanguage\":\"es\"},{\"@type\":\"Organization\",\"@id\":\"https:\/\/explotumarca.com\/#organization\",\"name\":\"Explo\",\"url\":\"https:\/\/explotumarca.com\/\",\"logo\":{\"@type\":\"ImageObject\",\"inLanguage\":\"es\",\"@id\":\"https:\/\/explotumarca.com\/#\/schema\/logo\/image\/\",\"url\":\"http:\/\/arsnovamx.com\/explotumarca.com\/wp-content\/uploads\/2020\/10\/Nuevo-Logo-Explo-2020.jpg\",\"contentUrl\":\"http:\/\/arsnovamx.com\/explotumarca.com\/wp-content\/uploads\/2020\/10\/Nuevo-Logo-Explo-2020.jpg\",\"width\":800,\"height\":334,\"caption\":\"Explo\"},\"image\":{\"@id\":\"https:\/\/explotumarca.com\/#\/schema\/logo\/image\/\"},\"sameAs\":[\"https:\/\/www.facebook.com\/MexicoExplo\/\"]}]}<\/script>\n<!-- \/ Yoast SEO Premium plugin. -->","yoast_head_json":{"title":"Gel Antibacterial de Bolsillo $18.5 pesos ponle tu logo o publicidad","description":"Tenemos diversos modelos de Gel Antibacterial de Bolsillo para que tus clientes te recuerden siempre personalizalos con tu marca, logo o publicidad.","robots":{"index":"index","follow":"follow","max-snippet":"max-snippet:-1","max-image-preview":"max-image-preview:large","max-video-preview":"max-video-preview:-1"},"canonical":"https:\/\/explotumarca.com\/?product=gel-antibacterial-de-bolsillo","og_locale":"es_MX","og_type":"article","og_title":"Gel IMANPA","og_description":"Gel de Bolsillo Nuevo producto\u00a0Gel de Bolsillo IMANPA MATERIAL: Pl\u00e1stico \/ Silic\u00f3n MEDIDA: 4.2 X 12.5 \u00c1REA DE IMPRESI\u00d3N: 2 X 2CM T\u00c9CNICA DE IMPRESI\u00d3N:","og_url":"https:\/\/explotumarca.com\/?product=gel-antibacterial-de-bolsillo","og_site_name":"Explo","article_publisher":"https:\/\/www.facebook.com\/MexicoExplo\/","article_modified_time":"2021-08-23T00:48:03+00:00","og_image":[{"width":641,"height":641,"url":"https:\/\/explotumarca.com\/wp-content\/uploads\/2020\/06\/SLD-030.jpg","type":"image\/jpeg"}],"twitter_card":"summary_large_image","twitter_misc":{"Tiempo de lectura":"1 minuto"},"schema":{"@context":"https:\/\/schema.org","@graph":[{"@type":"WebPage","@id":"https:\/\/explotumarca.com\/?product=gel-antibacterial-de-bolsillo","url":"https:\/\/explotumarca.com\/?product=gel-antibacterial-de-bolsillo","name":"Gel Antibacterial de Bolsillo $18.5 pesos ponle tu logo o publicidad","isPartOf":{"@id":"https:\/\/explotumarca.com\/#website"},"primaryImageOfPage":{"@id":"https:\/\/explotumarca.com\/?product=gel-antibacterial-de-bolsillo#primaryimage"},"image":{"@id":"https:\/\/explotumarca.com\/?product=gel-antibacterial-de-bolsillo#primaryimage"},"thumbnailUrl":"https:\/\/explotumarca.com\/wp-content\/uploads\/2020\/06\/SLD-030.jpg","datePublished":"2020-06-16T22:17:05+00:00","dateModified":"2021-08-23T00:48:03+00:00","description":"Tenemos diversos modelos de Gel Antibacterial de Bolsillo para que tus clientes te recuerden siempre personalizalos con tu marca, logo o publicidad.","breadcrumb":{"@id":"https:\/\/explotumarca.com\/?product=gel-antibacterial-de-bolsillo#breadcrumb"},"inLanguage":"es","potentialAction":[{"@type":"ReadAction","target":["https:\/\/explotumarca.com\/?product=gel-antibacterial-de-bolsillo"]}]},{"@type":"ImageObject","inLanguage":"es","@id":"https:\/\/explotumarca.com\/?product=gel-antibacterial-de-bolsillo#primaryimage","url":"https:\/\/explotumarca.com\/wp-content\/uploads\/2020\/06\/SLD-030.jpg","contentUrl":"https:\/\/explotumarca.com\/wp-content\/uploads\/2020\/06\/SLD-030.jpg","width":641,"height":641,"caption":"Art\u00cdculos Promocionales cuidado de la salud para prevenci\u00f3n de COVID CORONAVIRUS PANDEMIA"},{"@type":"BreadcrumbList","@id":"https:\/\/explotumarca.com\/?product=gel-antibacterial-de-bolsillo#breadcrumb","itemListElement":[{"@type":"ListItem","position":1,"name":"Inicio","item":"https:\/\/explotumarca.com\/"},{"@type":"ListItem","position":2,"name":"Productos","item":"https:\/\/explotumarca.com\/?post_type=product"},{"@type":"ListItem","position":3,"name":"Gel IMANPA"}]},{"@type":"WebSite","@id":"https:\/\/explotumarca.com\/#website","url":"https:\/\/explotumarca.com\/","name":"Explo","description":"Productos y servicios corporativos","publisher":{"@id":"https:\/\/explotumarca.com\/#organization"},"potentialAction":[{"@type":"SearchAction","target":{"@type":"EntryPoint","urlTemplate":"https:\/\/explotumarca.com\/?s={search_term_string}"},"query-input":{"@type":"PropertyValueSpecification","valueRequired":true,"valueName":"search_term_string"}}],"inLanguage":"es"},{"@type":"Organization","@id":"https:\/\/explotumarca.com\/#organization","name":"Explo","url":"https:\/\/explotumarca.com\/","logo":{"@type":"ImageObject","inLanguage":"es","@id":"https:\/\/explotumarca.com\/#\/schema\/logo\/image\/","url":"http:\/\/arsnovamx.com\/explotumarca.com\/wp-content\/uploads\/2020\/10\/Nuevo-Logo-Explo-2020.jpg","contentUrl":"http:\/\/arsnovamx.com\/explotumarca.com\/wp-content\/uploads\/2020\/10\/Nuevo-Logo-Explo-2020.jpg","width":800,"height":334,"caption":"Explo"},"image":{"@id":"https:\/\/explotumarca.com\/#\/schema\/logo\/image\/"},"sameAs":["https:\/\/www.facebook.com\/MexicoExplo\/"]}]}},"_links":{"self":[{"href":"https:\/\/explotumarca.com\/index.php?rest_route=\/wp\/v2\/product\/4020","targetHints":{"allow":["GET"]}}],"collection":[{"href":"https:\/\/explotumarca.com\/index.php?rest_route=\/wp\/v2\/product"}],"about":[{"href":"https:\/\/explotumarca.com\/index.php?rest_route=\/wp\/v2\/types\/product"}],"wp:featuredmedia":[{"embeddable":true,"href":"https:\/\/explotumarca.com\/index.php?rest_route=\/wp\/v2\/media\/4021"}],"wp:attachment":[{"href":"https:\/\/explotumarca.com\/index.php?rest_route=%2Fwp%2Fv2%2Fmedia&parent=4020"}],"wp:term":[{"taxonomy":"product_cat","embeddable":true,"href":"https:\/\/explotumarca.com\/index.php?rest_route=%2Fwp%2Fv2%2Fproduct_cat&post=4020"},{"taxonomy":"product_tag","embeddable":true,"href":"https:\/\/explotumarca.com\/index.php?rest_route=%2Fwp%2Fv2%2Fproduct_tag&post=4020"}],"curies":[{"name":"wp","href":"https:\/\/api.w.org\/{rel}","templated":true}]}}