{"id":5154,"date":"2021-03-07T11:48:34","date_gmt":"2021-03-07T17:48:34","guid":{"rendered":"http:\/\/arsnovamx.com\/explotumarca.com\/?post_type=product&#038;p=5154"},"modified":"2021-03-29T08:15:14","modified_gmt":"2021-03-29T14:15:14","slug":"control-de-acceso-temperatura-y-cubrebocas","status":"publish","type":"product","link":"https:\/\/explotumarca.com\/?product=control-de-acceso-temperatura-y-cubrebocas","title":{"rendered":"Control De Acceso Con Medici\u00f3n De Temperatura y Detecci\u00f3n de Cubrebocas"},"content":{"rendered":"<h3>CONTROL DE ACCESO CON MEDICION DE TEMPERATURA Y DETECCI\u00d3N DE CUBREBOCAS<\/h3>\n<p>UTILIDAD<\/p>\n<p>El equipo en autom\u00e1tico detecta si la persona trae cubrebocas puesto y si tiene temperatura adecuada. Va guardando en autom\u00e1tico hasta 50mil registros en base de datos. \u00datil en escuelas, universidades, Empresas, Industrias, Plazas Comerciales, y lugares de alta afluencia de personas.<\/p>\n<p>&nbsp;<\/p>\n<p>FICHA T\u00c9CNICA<\/p>\n<p>Rango de medici\u00f3n 30 grados cent\u00edgrados \u2013 45 grados cent\u00edgrados<br \/>\nResoluci\u00f3n 0.1 grados cent\u00edgrados<br \/>\nExactitud \u00b1 0.5 grados cent\u00edgrados (1m)<br \/>\nTiempo de respuesta 500ms<br \/>\nTama\u00f1o: 24.4cmx14cm<br \/>\nDistancia optima de medici\u00f3n 1m<br \/>\nDistancia m\u00ednima de medici\u00f3n 15cm<br \/>\nEspectro infrarrojo 8 um 14 um<br \/>\nResoluci\u00f3n t\u00e9rmica 160&#215;120<br \/>\nFunci\u00f3n fotogr\u00e1fica con almacenamiento en tarjeta SD<br \/>\nTransmisi\u00f3n de im\u00e1genes en tiempo real<br \/>\nSoftware de an\u00e1lisis para la PC<\/p>\n","protected":false},"excerpt":{"rendered":"<p>CONTROL DE ACCESO CON MEDICION DE TEMPERATURA Y DETECCI\u00d3N DE CUBREBOCAS UTILIDAD El equipo en autom\u00e1tico detecta si la persona trae cubrebocas puesto y si tiene temperatura adecuada. Va guardando en autom\u00e1tico hasta 50mil registros [&hellip;]<\/p>\n","protected":false},"featured_media":5157,"template":"","meta":{"content-type":""},"product_cat":[45,87],"product_tag":[],"class_list":{"0":"post-5154","1":"product","2":"type-product","3":"status-publish","4":"has-post-thumbnail","6":"product_cat-dispensadores-y-termometros","7":"product_cat-termometros-sin-contacto","9":"first","10":"instock","11":"featured","12":"taxable","13":"shipping-taxable","14":"purchasable","15":"product-type-simple"},"yoast_head":"<!-- This site is optimized with the Yoast SEO Premium plugin v18.8 (Yoast SEO v26.8) - https:\/\/yoast.com\/product\/yoast-seo-premium-wordpress\/ -->\n<title>Control de Acceso Temperatura y Cubrebocas reconocimiento facial<\/title>\n<meta name=\"description\" content=\"Reconocimiento facial para control de acceso temperatura y cubrebocas. Seguridad para \u00e1reas de trabajo y alto flujo de personas.\" \/>\n<meta name=\"robots\" content=\"index, follow, max-snippet:-1, max-image-preview:large, max-video-preview:-1\" \/>\n<link rel=\"canonical\" href=\"https:\/\/explotumarca.com\/?product=control-de-acceso-temperatura-y-cubrebocas\" \/>\n<meta property=\"og:locale\" content=\"es_MX\" \/>\n<meta property=\"og:type\" content=\"article\" \/>\n<meta property=\"og:title\" content=\"Control De Acceso Con Medici\u00f3n De Temperatura y Detecci\u00f3n de Cubrebocas\" \/>\n<meta property=\"og:description\" content=\"CONTROL DE ACCESO CON MEDICION DE TEMPERATURA Y DETECCI\u00d3N DE CUBREBOCAS UTILIDAD El equipo en autom\u00e1tico detecta si la persona trae cubrebocas puesto y si\" \/>\n<meta property=\"og:url\" content=\"https:\/\/explotumarca.com\/?product=control-de-acceso-temperatura-y-cubrebocas\" \/>\n<meta property=\"og:site_name\" content=\"Explo\" \/>\n<meta property=\"article:publisher\" content=\"https:\/\/www.facebook.com\/MexicoExplo\/\" \/>\n<meta property=\"article:modified_time\" content=\"2021-03-29T14:15:14+00:00\" \/>\n<meta property=\"og:image\" content=\"https:\/\/explotumarca.com\/wp-content\/uploads\/2021\/03\/Control-De-Acceso-Con-Medicion-De-Temperatura-Y-Cubrebocas-3.jpg\" \/>\n\t<meta property=\"og:image:width\" content=\"450\" \/>\n\t<meta property=\"og:image:height\" content=\"450\" \/>\n\t<meta property=\"og:image:type\" content=\"image\/jpeg\" \/>\n<meta name=\"twitter:card\" content=\"summary_large_image\" \/>\n<meta name=\"twitter:label1\" content=\"Tiempo de lectura\" \/>\n\t<meta name=\"twitter:data1\" content=\"1 minuto\" \/>\n<script type=\"application\/ld+json\" class=\"yoast-schema-graph\">{\"@context\":\"https:\/\/schema.org\",\"@graph\":[{\"@type\":\"WebPage\",\"@id\":\"https:\/\/explotumarca.com\/?product=control-de-acceso-temperatura-y-cubrebocas\",\"url\":\"https:\/\/explotumarca.com\/?product=control-de-acceso-temperatura-y-cubrebocas\",\"name\":\"Control de Acceso Temperatura y Cubrebocas reconocimiento facial\",\"isPartOf\":{\"@id\":\"https:\/\/explotumarca.com\/#website\"},\"primaryImageOfPage\":{\"@id\":\"https:\/\/explotumarca.com\/?product=control-de-acceso-temperatura-y-cubrebocas#primaryimage\"},\"image\":{\"@id\":\"https:\/\/explotumarca.com\/?product=control-de-acceso-temperatura-y-cubrebocas#primaryimage\"},\"thumbnailUrl\":\"https:\/\/explotumarca.com\/wp-content\/uploads\/2021\/03\/Control-De-Acceso-Con-Medicion-De-Temperatura-Y-Cubrebocas-3.jpg\",\"datePublished\":\"2021-03-07T17:48:34+00:00\",\"dateModified\":\"2021-03-29T14:15:14+00:00\",\"description\":\"Reconocimiento facial para control de acceso temperatura y cubrebocas. Seguridad para \u00e1reas de trabajo y alto flujo de personas.\",\"breadcrumb\":{\"@id\":\"https:\/\/explotumarca.com\/?product=control-de-acceso-temperatura-y-cubrebocas#breadcrumb\"},\"inLanguage\":\"es\",\"potentialAction\":[{\"@type\":\"ReadAction\",\"target\":[\"https:\/\/explotumarca.com\/?product=control-de-acceso-temperatura-y-cubrebocas\"]}]},{\"@type\":\"ImageObject\",\"inLanguage\":\"es\",\"@id\":\"https:\/\/explotumarca.com\/?product=control-de-acceso-temperatura-y-cubrebocas#primaryimage\",\"url\":\"https:\/\/explotumarca.com\/wp-content\/uploads\/2021\/03\/Control-De-Acceso-Con-Medicion-De-Temperatura-Y-Cubrebocas-3.jpg\",\"contentUrl\":\"https:\/\/explotumarca.com\/wp-content\/uploads\/2021\/03\/Control-De-Acceso-Con-Medicion-De-Temperatura-Y-Cubrebocas-3.jpg\",\"width\":450,\"height\":450,\"caption\":\"Control De Acceso Con Medici\u00f3n De Temperatura Y Cubrebocas Explotumarca\"},{\"@type\":\"BreadcrumbList\",\"@id\":\"https:\/\/explotumarca.com\/?product=control-de-acceso-temperatura-y-cubrebocas#breadcrumb\",\"itemListElement\":[{\"@type\":\"ListItem\",\"position\":1,\"name\":\"Inicio\",\"item\":\"https:\/\/explotumarca.com\/\"},{\"@type\":\"ListItem\",\"position\":2,\"name\":\"Productos\",\"item\":\"https:\/\/explotumarca.com\/?post_type=product\"},{\"@type\":\"ListItem\",\"position\":3,\"name\":\"Control De Acceso Con Medici\u00f3n De Temperatura y Detecci\u00f3n de Cubrebocas\"}]},{\"@type\":\"WebSite\",\"@id\":\"https:\/\/explotumarca.com\/#website\",\"url\":\"https:\/\/explotumarca.com\/\",\"name\":\"Explo\",\"description\":\"Productos y servicios corporativos\",\"publisher\":{\"@id\":\"https:\/\/explotumarca.com\/#organization\"},\"potentialAction\":[{\"@type\":\"SearchAction\",\"target\":{\"@type\":\"EntryPoint\",\"urlTemplate\":\"https:\/\/explotumarca.com\/?s={search_term_string}\"},\"query-input\":{\"@type\":\"PropertyValueSpecification\",\"valueRequired\":true,\"valueName\":\"search_term_string\"}}],\"inLanguage\":\"es\"},{\"@type\":\"Organization\",\"@id\":\"https:\/\/explotumarca.com\/#organization\",\"name\":\"Explo\",\"url\":\"https:\/\/explotumarca.com\/\",\"logo\":{\"@type\":\"ImageObject\",\"inLanguage\":\"es\",\"@id\":\"https:\/\/explotumarca.com\/#\/schema\/logo\/image\/\",\"url\":\"http:\/\/arsnovamx.com\/explotumarca.com\/wp-content\/uploads\/2020\/10\/Nuevo-Logo-Explo-2020.jpg\",\"contentUrl\":\"http:\/\/arsnovamx.com\/explotumarca.com\/wp-content\/uploads\/2020\/10\/Nuevo-Logo-Explo-2020.jpg\",\"width\":800,\"height\":334,\"caption\":\"Explo\"},\"image\":{\"@id\":\"https:\/\/explotumarca.com\/#\/schema\/logo\/image\/\"},\"sameAs\":[\"https:\/\/www.facebook.com\/MexicoExplo\/\"]}]}<\/script>\n<!-- \/ Yoast SEO Premium plugin. -->","yoast_head_json":{"title":"Control de Acceso Temperatura y Cubrebocas reconocimiento facial","description":"Reconocimiento facial para control de acceso temperatura y cubrebocas. Seguridad para \u00e1reas de trabajo y alto flujo de personas.","robots":{"index":"index","follow":"follow","max-snippet":"max-snippet:-1","max-image-preview":"max-image-preview:large","max-video-preview":"max-video-preview:-1"},"canonical":"https:\/\/explotumarca.com\/?product=control-de-acceso-temperatura-y-cubrebocas","og_locale":"es_MX","og_type":"article","og_title":"Control De Acceso Con Medici\u00f3n De Temperatura y Detecci\u00f3n de Cubrebocas","og_description":"CONTROL DE ACCESO CON MEDICION DE TEMPERATURA Y DETECCI\u00d3N DE CUBREBOCAS UTILIDAD El equipo en autom\u00e1tico detecta si la persona trae cubrebocas puesto y si","og_url":"https:\/\/explotumarca.com\/?product=control-de-acceso-temperatura-y-cubrebocas","og_site_name":"Explo","article_publisher":"https:\/\/www.facebook.com\/MexicoExplo\/","article_modified_time":"2021-03-29T14:15:14+00:00","og_image":[{"width":450,"height":450,"url":"https:\/\/explotumarca.com\/wp-content\/uploads\/2021\/03\/Control-De-Acceso-Con-Medicion-De-Temperatura-Y-Cubrebocas-3.jpg","type":"image\/jpeg"}],"twitter_card":"summary_large_image","twitter_misc":{"Tiempo de lectura":"1 minuto"},"schema":{"@context":"https:\/\/schema.org","@graph":[{"@type":"WebPage","@id":"https:\/\/explotumarca.com\/?product=control-de-acceso-temperatura-y-cubrebocas","url":"https:\/\/explotumarca.com\/?product=control-de-acceso-temperatura-y-cubrebocas","name":"Control de Acceso Temperatura y Cubrebocas reconocimiento facial","isPartOf":{"@id":"https:\/\/explotumarca.com\/#website"},"primaryImageOfPage":{"@id":"https:\/\/explotumarca.com\/?product=control-de-acceso-temperatura-y-cubrebocas#primaryimage"},"image":{"@id":"https:\/\/explotumarca.com\/?product=control-de-acceso-temperatura-y-cubrebocas#primaryimage"},"thumbnailUrl":"https:\/\/explotumarca.com\/wp-content\/uploads\/2021\/03\/Control-De-Acceso-Con-Medicion-De-Temperatura-Y-Cubrebocas-3.jpg","datePublished":"2021-03-07T17:48:34+00:00","dateModified":"2021-03-29T14:15:14+00:00","description":"Reconocimiento facial para control de acceso temperatura y cubrebocas. Seguridad para \u00e1reas de trabajo y alto flujo de personas.","breadcrumb":{"@id":"https:\/\/explotumarca.com\/?product=control-de-acceso-temperatura-y-cubrebocas#breadcrumb"},"inLanguage":"es","potentialAction":[{"@type":"ReadAction","target":["https:\/\/explotumarca.com\/?product=control-de-acceso-temperatura-y-cubrebocas"]}]},{"@type":"ImageObject","inLanguage":"es","@id":"https:\/\/explotumarca.com\/?product=control-de-acceso-temperatura-y-cubrebocas#primaryimage","url":"https:\/\/explotumarca.com\/wp-content\/uploads\/2021\/03\/Control-De-Acceso-Con-Medicion-De-Temperatura-Y-Cubrebocas-3.jpg","contentUrl":"https:\/\/explotumarca.com\/wp-content\/uploads\/2021\/03\/Control-De-Acceso-Con-Medicion-De-Temperatura-Y-Cubrebocas-3.jpg","width":450,"height":450,"caption":"Control De Acceso Con Medici\u00f3n De Temperatura Y Cubrebocas Explotumarca"},{"@type":"BreadcrumbList","@id":"https:\/\/explotumarca.com\/?product=control-de-acceso-temperatura-y-cubrebocas#breadcrumb","itemListElement":[{"@type":"ListItem","position":1,"name":"Inicio","item":"https:\/\/explotumarca.com\/"},{"@type":"ListItem","position":2,"name":"Productos","item":"https:\/\/explotumarca.com\/?post_type=product"},{"@type":"ListItem","position":3,"name":"Control De Acceso Con Medici\u00f3n De Temperatura y Detecci\u00f3n de Cubrebocas"}]},{"@type":"WebSite","@id":"https:\/\/explotumarca.com\/#website","url":"https:\/\/explotumarca.com\/","name":"Explo","description":"Productos y servicios corporativos","publisher":{"@id":"https:\/\/explotumarca.com\/#organization"},"potentialAction":[{"@type":"SearchAction","target":{"@type":"EntryPoint","urlTemplate":"https:\/\/explotumarca.com\/?s={search_term_string}"},"query-input":{"@type":"PropertyValueSpecification","valueRequired":true,"valueName":"search_term_string"}}],"inLanguage":"es"},{"@type":"Organization","@id":"https:\/\/explotumarca.com\/#organization","name":"Explo","url":"https:\/\/explotumarca.com\/","logo":{"@type":"ImageObject","inLanguage":"es","@id":"https:\/\/explotumarca.com\/#\/schema\/logo\/image\/","url":"http:\/\/arsnovamx.com\/explotumarca.com\/wp-content\/uploads\/2020\/10\/Nuevo-Logo-Explo-2020.jpg","contentUrl":"http:\/\/arsnovamx.com\/explotumarca.com\/wp-content\/uploads\/2020\/10\/Nuevo-Logo-Explo-2020.jpg","width":800,"height":334,"caption":"Explo"},"image":{"@id":"https:\/\/explotumarca.com\/#\/schema\/logo\/image\/"},"sameAs":["https:\/\/www.facebook.com\/MexicoExplo\/"]}]}},"_links":{"self":[{"href":"https:\/\/explotumarca.com\/index.php?rest_route=\/wp\/v2\/product\/5154","targetHints":{"allow":["GET"]}}],"collection":[{"href":"https:\/\/explotumarca.com\/index.php?rest_route=\/wp\/v2\/product"}],"about":[{"href":"https:\/\/explotumarca.com\/index.php?rest_route=\/wp\/v2\/types\/product"}],"wp:featuredmedia":[{"embeddable":true,"href":"https:\/\/explotumarca.com\/index.php?rest_route=\/wp\/v2\/media\/5157"}],"wp:attachment":[{"href":"https:\/\/explotumarca.com\/index.php?rest_route=%2Fwp%2Fv2%2Fmedia&parent=5154"}],"wp:term":[{"taxonomy":"product_cat","embeddable":true,"href":"https:\/\/explotumarca.com\/index.php?rest_route=%2Fwp%2Fv2%2Fproduct_cat&post=5154"},{"taxonomy":"product_tag","embeddable":true,"href":"https:\/\/explotumarca.com\/index.php?rest_route=%2Fwp%2Fv2%2Fproduct_tag&post=5154"}],"curies":[{"name":"wp","href":"https:\/\/api.w.org\/{rel}","templated":true}]}}