{"id":5229,"date":"2021-05-08T16:03:22","date_gmt":"2021-05-08T21:03:22","guid":{"rendered":"http:\/\/arsnovamx.com\/explotumarca.com\/?post_type=product&#038;p=5229"},"modified":"2021-08-21T23:37:49","modified_gmt":"2021-08-22T04:37:49","slug":"dispensador-cromado-termometro-k3-plus-y-pedestal-en-acero","status":"publish","type":"product","link":"https:\/\/explotumarca.com\/?product=dispensador-cromado-termometro-k3-plus-y-pedestal-en-acero","title":{"rendered":"Dispensador Cromado, Detector de temperatura y Pedestal en Acero"},"content":{"rendered":"<div id=\"description-includes\" class=\"item-description__content \">\n<div class=\"item-description__text\">\n<h3>DISPENSADOR, DETECTOR DE TEMPERATURA + PEDESTAL EN ACERO INOXIDABLE<\/h3>\n<\/div>\n<\/div>\n<div class=\"video-shortcode\"><iframe title=\"Dispensador Cromado, term\u00f3metro K3 Plus y Pedestal en Acero\" width=\"1170\" height=\"878\" src=\"https:\/\/www.youtube.com\/embed\/_1XvIuhbFu4?feature=oembed\" frameborder=\"0\" allow=\"accelerometer; autoplay; clipboard-write; encrypted-media; gyroscope; picture-in-picture\" allowfullscreen><\/iframe><\/div>\n<p>&nbsp;<\/p>\n<div id=\"description-includes\" class=\"item-description__content \">\n<div class=\"item-description__text\">\n<p>DISPENSADOR:<\/p>\n<ul>\n<li>AUTOM\u00c1TICO Y SENSOR \u00d3PTICO<\/li>\n<li>GAMA MEDIA<\/li>\n<li>FLUJO MODERADO DE PERSONAS<\/li>\n<li>SIN CONTACTO<\/li>\n<li>800 ML DE CAPACIDAD<\/li>\n<li>LISTO PARA USARSE<\/li>\n<li>F\u00c1CIL DE RELLENAR CON CUALQUIER GEL (EN CASO DE SER ESPESO HAY QUE DILUIRLO PONIENDOLE ALCOHOL)<\/li>\n<li>ACERO INOXIDABLE CROMADO<\/li>\n<li>PESO: 1,100 GRAMOS<\/li>\n<li>MEDIDAS: 17X15,5X28<\/li>\n<li>FUNCIONA CON BATER\u00cdAS Y CARGADOR (INCLUYE CARGADOR, NO INCLUYE BATER\u00cdAS)<\/li>\n<li>LAS MANOS DEBES PONER APROXIMADAMENTE A 10 CM DE DISTANCIA DEL SENSOR<\/li>\n<\/ul>\n<p>&nbsp;<\/p>\n<p>TERM\u00d3METRO:<\/p>\n<ul>\n<li>MODELO K3 PLUS<\/li>\n<li>SIN CONTACTO, S\u00d3LO COLOCANDO ALGUNA PARTE DEL CUERPO A 10CM DE DISTANCIA<\/li>\n<li>FLUJO ALTO DE PERSONAS<\/li>\n<li>SE CONECTA A CORRIENTE USB O CON 3 BATER\u00cdAS AA (NO INLCU\u00cdDAS)<\/li>\n<li>PESO 150GRS<\/li>\n<li>VELOCIDAD DE LECTURA DE .5 SEGUNDOS<\/li>\n<\/ul>\n<p>&nbsp;<\/p>\n<p>PEDESTAL:<\/p>\n<ul>\n<li>RESPALDO EN ACERO INOXIDABLE<\/li>\n<li>SOPORTE Y BASE EN ACERO CROMADO<\/li>\n<li>Anti derrames. ANTIDERRAMES<\/li>\n<li>MEDIDAS 40X155<\/li>\n<li>ADAPTABLE A CUALQUIER DISPENSADOR AUTOM\u00c1TICO, TERM\u00d3METRO, ETC.<\/li>\n<\/ul>\n<p>&nbsp;<\/p>\n<\/div>\n<\/div>\n<p>INFORMACI\u00d3N (55) 3342 8218<\/p>\n<p>EXPLOTUMARCA.COM<\/p>\n","protected":false},"excerpt":{"rendered":"<p>DISPENSADOR, DETECTOR DE TEMPERATURA + PEDESTAL EN ACERO INOXIDABLE &nbsp; DISPENSADOR: AUTOM\u00c1TICO Y SENSOR \u00d3PTICO GAMA MEDIA FLUJO MODERADO DE PERSONAS SIN CONTACTO 800 ML DE CAPACIDAD LISTO PARA USARSE F\u00c1CIL DE RELLENAR CON CUALQUIER [&hellip;]<\/p>\n","protected":false},"featured_media":5241,"template":"","meta":{"content-type":""},"product_cat":[88,45],"product_tag":[],"class_list":{"0":"post-5229","1":"product","2":"type-product","3":"status-publish","4":"has-post-thumbnail","6":"product_cat-dispensador-de-gel-con-termometro","7":"product_cat-dispensadores-y-termometros","9":"first","10":"instock","11":"taxable","12":"shipping-taxable","13":"purchasable","14":"product-type-simple"},"yoast_head":"<!-- This site is optimized with the Yoast SEO Premium plugin v18.8 (Yoast SEO v26.8) - https:\/\/yoast.com\/product\/yoast-seo-premium-wordpress\/ -->\n<title>DISPENSADOR DE GEL CON TERM\u00d3METRO Y PEDESTAL<\/title>\n<meta name=\"description\" content=\"Diversos modelos dependiendo el flujo de personas de Dispensadores de Gel con Term\u00f3metro y pedestal todo en uno solo.\" \/>\n<meta name=\"robots\" content=\"index, follow, max-snippet:-1, max-image-preview:large, max-video-preview:-1\" \/>\n<link rel=\"canonical\" href=\"https:\/\/explotumarca.com\/?product=dispensador-cromado-termometro-k3-plus-y-pedestal-en-acero\" \/>\n<meta property=\"og:locale\" content=\"es_MX\" \/>\n<meta property=\"og:type\" content=\"article\" \/>\n<meta property=\"og:title\" content=\"Dispensador Cromado, Detector de temperatura y Pedestal en Acero\" \/>\n<meta property=\"og:description\" content=\"DISPENSADOR, DETECTOR DE TEMPERATURA + PEDESTAL EN ACERO INOXIDABLE https:\/\/youtu.be\/_1XvIuhbFu4 &nbsp; DISPENSADOR: AUTOM\u00c1TICO Y SENSOR \u00d3PTICO GAMA MEDIA\" \/>\n<meta property=\"og:url\" content=\"https:\/\/explotumarca.com\/?product=dispensador-cromado-termometro-k3-plus-y-pedestal-en-acero\" \/>\n<meta property=\"og:site_name\" content=\"Explo\" \/>\n<meta property=\"article:publisher\" content=\"https:\/\/www.facebook.com\/MexicoExplo\/\" \/>\n<meta property=\"article:modified_time\" content=\"2021-08-22T04:37:49+00:00\" \/>\n<meta property=\"og:image\" content=\"https:\/\/explotumarca.com\/wp-content\/uploads\/2021\/05\/Dispensador-de-gel-Despachador-de-acero-pedestal-y-termometro-k3-Explo-Explotumarca.jpg\" \/>\n\t<meta property=\"og:image:width\" content=\"939\" \/>\n\t<meta property=\"og:image:height\" content=\"938\" \/>\n\t<meta property=\"og:image:type\" content=\"image\/jpeg\" \/>\n<meta name=\"twitter:card\" content=\"summary_large_image\" \/>\n<meta name=\"twitter:label1\" content=\"Tiempo de lectura\" \/>\n\t<meta name=\"twitter:data1\" content=\"1 minuto\" \/>\n<script type=\"application\/ld+json\" class=\"yoast-schema-graph\">{\"@context\":\"https:\/\/schema.org\",\"@graph\":[{\"@type\":\"WebPage\",\"@id\":\"https:\/\/explotumarca.com\/?product=dispensador-cromado-termometro-k3-plus-y-pedestal-en-acero\",\"url\":\"https:\/\/explotumarca.com\/?product=dispensador-cromado-termometro-k3-plus-y-pedestal-en-acero\",\"name\":\"DISPENSADOR DE GEL CON TERM\u00d3METRO Y PEDESTAL\",\"isPartOf\":{\"@id\":\"https:\/\/explotumarca.com\/#website\"},\"primaryImageOfPage\":{\"@id\":\"https:\/\/explotumarca.com\/?product=dispensador-cromado-termometro-k3-plus-y-pedestal-en-acero#primaryimage\"},\"image\":{\"@id\":\"https:\/\/explotumarca.com\/?product=dispensador-cromado-termometro-k3-plus-y-pedestal-en-acero#primaryimage\"},\"thumbnailUrl\":\"https:\/\/explotumarca.com\/wp-content\/uploads\/2021\/05\/Dispensador-de-gel-Despachador-de-acero-pedestal-y-termometro-k3-Explo-Explotumarca.jpg\",\"datePublished\":\"2021-05-08T21:03:22+00:00\",\"dateModified\":\"2021-08-22T04:37:49+00:00\",\"description\":\"Diversos modelos dependiendo el flujo de personas de Dispensadores de Gel con Term\u00f3metro y pedestal todo en uno solo.\",\"breadcrumb\":{\"@id\":\"https:\/\/explotumarca.com\/?product=dispensador-cromado-termometro-k3-plus-y-pedestal-en-acero#breadcrumb\"},\"inLanguage\":\"es\",\"potentialAction\":[{\"@type\":\"ReadAction\",\"target\":[\"https:\/\/explotumarca.com\/?product=dispensador-cromado-termometro-k3-plus-y-pedestal-en-acero\"]}]},{\"@type\":\"ImageObject\",\"inLanguage\":\"es\",\"@id\":\"https:\/\/explotumarca.com\/?product=dispensador-cromado-termometro-k3-plus-y-pedestal-en-acero#primaryimage\",\"url\":\"https:\/\/explotumarca.com\/wp-content\/uploads\/2021\/05\/Dispensador-de-gel-Despachador-de-acero-pedestal-y-termometro-k3-Explo-Explotumarca.jpg\",\"contentUrl\":\"https:\/\/explotumarca.com\/wp-content\/uploads\/2021\/05\/Dispensador-de-gel-Despachador-de-acero-pedestal-y-termometro-k3-Explo-Explotumarca.jpg\",\"width\":939,\"height\":938,\"caption\":\"Dispensador acero inoxidable con term\u00f3metro Explo\"},{\"@type\":\"BreadcrumbList\",\"@id\":\"https:\/\/explotumarca.com\/?product=dispensador-cromado-termometro-k3-plus-y-pedestal-en-acero#breadcrumb\",\"itemListElement\":[{\"@type\":\"ListItem\",\"position\":1,\"name\":\"Inicio\",\"item\":\"https:\/\/explotumarca.com\/\"},{\"@type\":\"ListItem\",\"position\":2,\"name\":\"Productos\",\"item\":\"https:\/\/explotumarca.com\/?post_type=product\"},{\"@type\":\"ListItem\",\"position\":3,\"name\":\"Dispensador Cromado, Detector de temperatura y Pedestal en Acero\"}]},{\"@type\":\"WebSite\",\"@id\":\"https:\/\/explotumarca.com\/#website\",\"url\":\"https:\/\/explotumarca.com\/\",\"name\":\"Explo\",\"description\":\"Productos y servicios corporativos\",\"publisher\":{\"@id\":\"https:\/\/explotumarca.com\/#organization\"},\"potentialAction\":[{\"@type\":\"SearchAction\",\"target\":{\"@type\":\"EntryPoint\",\"urlTemplate\":\"https:\/\/explotumarca.com\/?s={search_term_string}\"},\"query-input\":{\"@type\":\"PropertyValueSpecification\",\"valueRequired\":true,\"valueName\":\"search_term_string\"}}],\"inLanguage\":\"es\"},{\"@type\":\"Organization\",\"@id\":\"https:\/\/explotumarca.com\/#organization\",\"name\":\"Explo\",\"url\":\"https:\/\/explotumarca.com\/\",\"logo\":{\"@type\":\"ImageObject\",\"inLanguage\":\"es\",\"@id\":\"https:\/\/explotumarca.com\/#\/schema\/logo\/image\/\",\"url\":\"http:\/\/arsnovamx.com\/explotumarca.com\/wp-content\/uploads\/2020\/10\/Nuevo-Logo-Explo-2020.jpg\",\"contentUrl\":\"http:\/\/arsnovamx.com\/explotumarca.com\/wp-content\/uploads\/2020\/10\/Nuevo-Logo-Explo-2020.jpg\",\"width\":800,\"height\":334,\"caption\":\"Explo\"},\"image\":{\"@id\":\"https:\/\/explotumarca.com\/#\/schema\/logo\/image\/\"},\"sameAs\":[\"https:\/\/www.facebook.com\/MexicoExplo\/\"]}]}<\/script>\n<!-- \/ Yoast SEO Premium plugin. -->","yoast_head_json":{"title":"DISPENSADOR DE GEL CON TERM\u00d3METRO Y PEDESTAL","description":"Diversos modelos dependiendo el flujo de personas de Dispensadores de Gel con Term\u00f3metro y pedestal todo en uno solo.","robots":{"index":"index","follow":"follow","max-snippet":"max-snippet:-1","max-image-preview":"max-image-preview:large","max-video-preview":"max-video-preview:-1"},"canonical":"https:\/\/explotumarca.com\/?product=dispensador-cromado-termometro-k3-plus-y-pedestal-en-acero","og_locale":"es_MX","og_type":"article","og_title":"Dispensador Cromado, Detector de temperatura y Pedestal en Acero","og_description":"DISPENSADOR, DETECTOR DE TEMPERATURA + PEDESTAL EN ACERO INOXIDABLE https:\/\/youtu.be\/_1XvIuhbFu4 &nbsp; DISPENSADOR: AUTOM\u00c1TICO Y SENSOR \u00d3PTICO GAMA MEDIA","og_url":"https:\/\/explotumarca.com\/?product=dispensador-cromado-termometro-k3-plus-y-pedestal-en-acero","og_site_name":"Explo","article_publisher":"https:\/\/www.facebook.com\/MexicoExplo\/","article_modified_time":"2021-08-22T04:37:49+00:00","og_image":[{"width":939,"height":938,"url":"https:\/\/explotumarca.com\/wp-content\/uploads\/2021\/05\/Dispensador-de-gel-Despachador-de-acero-pedestal-y-termometro-k3-Explo-Explotumarca.jpg","type":"image\/jpeg"}],"twitter_card":"summary_large_image","twitter_misc":{"Tiempo de lectura":"1 minuto"},"schema":{"@context":"https:\/\/schema.org","@graph":[{"@type":"WebPage","@id":"https:\/\/explotumarca.com\/?product=dispensador-cromado-termometro-k3-plus-y-pedestal-en-acero","url":"https:\/\/explotumarca.com\/?product=dispensador-cromado-termometro-k3-plus-y-pedestal-en-acero","name":"DISPENSADOR DE GEL CON TERM\u00d3METRO Y PEDESTAL","isPartOf":{"@id":"https:\/\/explotumarca.com\/#website"},"primaryImageOfPage":{"@id":"https:\/\/explotumarca.com\/?product=dispensador-cromado-termometro-k3-plus-y-pedestal-en-acero#primaryimage"},"image":{"@id":"https:\/\/explotumarca.com\/?product=dispensador-cromado-termometro-k3-plus-y-pedestal-en-acero#primaryimage"},"thumbnailUrl":"https:\/\/explotumarca.com\/wp-content\/uploads\/2021\/05\/Dispensador-de-gel-Despachador-de-acero-pedestal-y-termometro-k3-Explo-Explotumarca.jpg","datePublished":"2021-05-08T21:03:22+00:00","dateModified":"2021-08-22T04:37:49+00:00","description":"Diversos modelos dependiendo el flujo de personas de Dispensadores de Gel con Term\u00f3metro y pedestal todo en uno solo.","breadcrumb":{"@id":"https:\/\/explotumarca.com\/?product=dispensador-cromado-termometro-k3-plus-y-pedestal-en-acero#breadcrumb"},"inLanguage":"es","potentialAction":[{"@type":"ReadAction","target":["https:\/\/explotumarca.com\/?product=dispensador-cromado-termometro-k3-plus-y-pedestal-en-acero"]}]},{"@type":"ImageObject","inLanguage":"es","@id":"https:\/\/explotumarca.com\/?product=dispensador-cromado-termometro-k3-plus-y-pedestal-en-acero#primaryimage","url":"https:\/\/explotumarca.com\/wp-content\/uploads\/2021\/05\/Dispensador-de-gel-Despachador-de-acero-pedestal-y-termometro-k3-Explo-Explotumarca.jpg","contentUrl":"https:\/\/explotumarca.com\/wp-content\/uploads\/2021\/05\/Dispensador-de-gel-Despachador-de-acero-pedestal-y-termometro-k3-Explo-Explotumarca.jpg","width":939,"height":938,"caption":"Dispensador acero inoxidable con term\u00f3metro Explo"},{"@type":"BreadcrumbList","@id":"https:\/\/explotumarca.com\/?product=dispensador-cromado-termometro-k3-plus-y-pedestal-en-acero#breadcrumb","itemListElement":[{"@type":"ListItem","position":1,"name":"Inicio","item":"https:\/\/explotumarca.com\/"},{"@type":"ListItem","position":2,"name":"Productos","item":"https:\/\/explotumarca.com\/?post_type=product"},{"@type":"ListItem","position":3,"name":"Dispensador Cromado, Detector de temperatura y Pedestal en Acero"}]},{"@type":"WebSite","@id":"https:\/\/explotumarca.com\/#website","url":"https:\/\/explotumarca.com\/","name":"Explo","description":"Productos y servicios corporativos","publisher":{"@id":"https:\/\/explotumarca.com\/#organization"},"potentialAction":[{"@type":"SearchAction","target":{"@type":"EntryPoint","urlTemplate":"https:\/\/explotumarca.com\/?s={search_term_string}"},"query-input":{"@type":"PropertyValueSpecification","valueRequired":true,"valueName":"search_term_string"}}],"inLanguage":"es"},{"@type":"Organization","@id":"https:\/\/explotumarca.com\/#organization","name":"Explo","url":"https:\/\/explotumarca.com\/","logo":{"@type":"ImageObject","inLanguage":"es","@id":"https:\/\/explotumarca.com\/#\/schema\/logo\/image\/","url":"http:\/\/arsnovamx.com\/explotumarca.com\/wp-content\/uploads\/2020\/10\/Nuevo-Logo-Explo-2020.jpg","contentUrl":"http:\/\/arsnovamx.com\/explotumarca.com\/wp-content\/uploads\/2020\/10\/Nuevo-Logo-Explo-2020.jpg","width":800,"height":334,"caption":"Explo"},"image":{"@id":"https:\/\/explotumarca.com\/#\/schema\/logo\/image\/"},"sameAs":["https:\/\/www.facebook.com\/MexicoExplo\/"]}]}},"_links":{"self":[{"href":"https:\/\/explotumarca.com\/index.php?rest_route=\/wp\/v2\/product\/5229","targetHints":{"allow":["GET"]}}],"collection":[{"href":"https:\/\/explotumarca.com\/index.php?rest_route=\/wp\/v2\/product"}],"about":[{"href":"https:\/\/explotumarca.com\/index.php?rest_route=\/wp\/v2\/types\/product"}],"wp:featuredmedia":[{"embeddable":true,"href":"https:\/\/explotumarca.com\/index.php?rest_route=\/wp\/v2\/media\/5241"}],"wp:attachment":[{"href":"https:\/\/explotumarca.com\/index.php?rest_route=%2Fwp%2Fv2%2Fmedia&parent=5229"}],"wp:term":[{"taxonomy":"product_cat","embeddable":true,"href":"https:\/\/explotumarca.com\/index.php?rest_route=%2Fwp%2Fv2%2Fproduct_cat&post=5229"},{"taxonomy":"product_tag","embeddable":true,"href":"https:\/\/explotumarca.com\/index.php?rest_route=%2Fwp%2Fv2%2Fproduct_tag&post=5229"}],"curies":[{"name":"wp","href":"https:\/\/api.w.org\/{rel}","templated":true}]}}