{"id":5662,"date":"2022-03-24T18:34:45","date_gmt":"2022-03-25T00:34:45","guid":{"rendered":"https:\/\/explotumarca.com\/?post_type=product&#038;p=5662"},"modified":"2022-04-11T15:41:56","modified_gmt":"2022-04-11T20:41:56","slug":"kit-personal-esencial-de-colaboracion-con-video","status":"publish","type":"product","link":"https:\/\/explotumarca.com\/?product=kit-personal-esencial-de-colaboracion-con-video","title":{"rendered":"KIT PERSONAL ESENCIAL DE COLABORACI\u00d3N CON VIDEO"},"content":{"rendered":"<h1 class=\"font-title-l js-title \">KIT\u00a0PERSONAL ESENCIAL\u00a0DE COLABORACI\u00d3N CON VIDEO<\/h1>\n<div><\/div>\n<div>Equipa cualquier espacio de trabajo personal con una c\u00e1mara web HD esencial combinada con aud\u00edfonos con cable USB dise\u00f1ados para espacios de trabajo ruidosos, un gran kit<\/div>\n<div><\/div>\n<div class=\"subtitle js-subtitle \"><a href=\"https:\/\/www.logitech.com\/es-mx\/products\/headsets\/essential-personal-video-collaboration-kit.html\">Aud\u00edfonos Zone Wired + c\u00e1mara web C920e<\/a> de Logitech<\/div>\n<div>\n<div class=\"large body js-subtitle\"><\/div>\n<\/div>\n<div><\/div>\n<div>\n<h2 class=\"body-copy-title font-title-l font-brown-bold dc-black tc-black mc-black \">REUNIONES DE VIDEO PLUG AND PLAY DESDE CUALQUIER ESCRITORIO<\/h2>\n<p>El equipo adecuado puede marcar la diferencia para Microsoft Teams<sup>\u00ae<\/sup> y Google Meet<sup>&#x2122;<\/sup><a class=\"note note-tooltip js-note-tooltip pangea-inited\"><sup aria-label=\"footnote 1\">1<\/sup><span class=\"visually-hidden js-tooltip-descriptor\" aria-hidden=\"true\">La c\u00e1mara web C920e no tiene certificaci\u00f3n para videollamadas certificadas por Google Meet&#x2122;<\/span><\/a>y Zoom<sup>&#x2122;<\/sup> desde un espacio de trabajo personal. De un hermoso dise\u00f1o y sin varilla, los aud\u00edfonos Zone Wired cuentan con un micr\u00f3fono con tecnolog\u00eda avanzada de cancelaci\u00f3n de ruido que captura claramente cada una de tus palabras. Al combinarlos con C920e, una c\u00e1mara web HD 1080p que supera las capacidades de video y sonido de la mayor\u00eda de las laptops y que se puede colocar donde lo necesites, disfrutar\u00e1s de una mejor colaboraci\u00f3n con video directamente desde tu escritorio.<\/p>\n<\/div>\n<p>&nbsp;<\/p>\n<ul class=\"pangea-cmp tech-specs js-pangea-tech-specs\">\n<li class=\"specs-column\">\n<div class=\"specs-group\">\n<header class=\"specs-header\">\n<h3 class=\"specs-heading\">DIMENSIONES DE KIT<\/h3>\n<\/header>\n<div class=\"specs-block\">\n<h4 class=\"specs-title\">Auriculares<\/h4>\n<ul class=\"specs-description-list\">\n<li>Altura: 23.4 mm<\/li>\n<li>Ancho: 23.1 mm<\/li>\n<li>Profundidad: 27.3 mm<\/li>\n<li>Peso: 33 g<\/li>\n<\/ul>\n<\/div>\n<div class=\"specs-block\">\n<h4 class=\"specs-title\">Receptor USB-A para aud\u00edfonos<\/h4>\n<ul class=\"specs-description-list\">\n<li>Altura: 24,5 mm<\/li>\n<li>Ancho: 15,4 mm<\/li>\n<li>Profundidad: 8,6 mm<\/li>\n<li>(usa el adaptador USB-A \u00fanicamente con los aud\u00edfonos suministrados)<\/li>\n<\/ul>\n<\/div>\n<div class=\"specs-block\">\n<h4 class=\"specs-title\">Longitud de cable de aud\u00edfonos<\/h4>\n<ul class=\"specs-description-list\">\n<li>1,45 m<\/li>\n<\/ul>\n<\/div>\n<div class=\"specs-block\">\n<h4 class=\"specs-title\">C920E<\/h4>\n<ul class=\"specs-description-list\">\n<li>Altura: 43,3 mm<\/li>\n<li>Ancho: 94 mm<\/li>\n<li>Profundidad: 71 mm<\/li>\n<li>Peso: 162 g<\/li>\n<\/ul>\n<\/div>\n<div class=\"specs-block\">\n<h4 class=\"specs-title\">Longitud de cable de c\u00e1mara Web<\/h4>\n<ul class=\"specs-description-list\">\n<li>1,5\u00a0m<\/li>\n<\/ul>\n<\/div>\n<\/div>\n<\/li>\n<li class=\"specs-column\">\n<div class=\"specs-group\">\n<header class=\"specs-header\">\n<h3 class=\"specs-heading\">REQUISITOS DEL SISTEMA DE KIT<\/h3>\n<\/header>\n<div class=\"specs-block\">\n<h4 class=\"specs-title\">ZONE WIRED EARBUDS<\/h4>\n<ul class=\"specs-description-list\">\n<li>Los aud\u00edfonos funcionan con computadoras con Windows, Mac o Chrome&#x2122; y dispositivos m\u00f3viles con Android&#x2122; o iOS a trav\u00e9s de un puerto disponible de USB-C o USB-A de 3,5 mm.<\/li>\n<li>La compatibilidad de conector de 3,5 mm puede depender del modelo del dispositivo. <a class=\"note note-tooltip js-note-tooltip pangea-inited\"><sup aria-label=\"footnote 4\">4<\/sup><span class=\"visually-hidden js-tooltip-descriptor\" aria-hidden=\"true\">Conversi\u00f3n de micr\u00f3fono y calidad de audio a anal\u00f3gico mediante conector de 3,5 mm.<\/span><\/a><\/li>\n<li>La funcionalidad de los dispositivos m\u00f3viles con USB-C depende del modelo de dispositivo.<\/li>\n<\/ul>\n<\/div>\n<div class=\"specs-block\">\n<h4 class=\"specs-title\">Certificaciones<\/h4>\n<ul class=\"specs-description-list\">\n<li>Con certificaci\u00f3n para Microsoft Teams<\/li>\n<li>Certificaci\u00f3n para Google Meet y Google Voice&#x2122;<\/li>\n<li>Certificaci\u00f3n para Zoom<\/li>\n<li>Compatible con Cisco Webex\u00ae,BlueJeans, GoToMeeting&#x2122;<\/li>\n<\/ul>\n<\/div>\n<div class=\"specs-block\">\n<h4 class=\"specs-title\">C920E<\/h4>\n<ul class=\"specs-description-list\">\n<li>Windows 7 o posterior<\/li>\n<li>macOS X 10.10 o posterior<\/li>\n<li>Chrome OS&#x2122;<\/li>\n<li>Un puerto USB 2.0<\/li>\n<\/ul>\n<\/div>\n<div class=\"specs-block\">\n<h4 class=\"specs-title\">Certificaciones<\/h4>\n<ul class=\"specs-description-list\">\n<li>Con certificaci\u00f3n para Microsoft Teams <a class=\"note note-tooltip js-note-tooltip pangea-inited\"><sup aria-label=\"footnote 5\">5<\/sup><span class=\"visually-hidden js-tooltip-descriptor\" aria-hidden=\"true\">Para determinados SKU<\/span><\/a><\/li>\n<li>Certificaci\u00f3n para Zoom<\/li>\n<li>Conformidad con normativa TAA<\/li>\n<\/ul>\n<\/div>\n<\/div>\n<p>&nbsp;<\/li>\n<\/ul>\n<ul class=\"pangea-cmp tech-specs js-pangea-tech-specs\">\n<li class=\"specs-column\">\n<div class=\"specs-group\">\n<header class=\"specs-header\">\n<h3 class=\"specs-heading\">ESPECIFICACIONES T\u00c9CNICAS DEL KIT<\/h3>\n<\/header>\n<div class=\"specs-block\">\n<h4 class=\"specs-title\">ZONE WIRED EARBUDS<\/h4>\n<ul class=\"specs-description-list\">\n<li>Micr\u00f3fono\n<ul class=\"specs-description-list\">\n<li>Tipo: Dos micr\u00f3fonos omnidireccionales<\/li>\n<li>Respuesta de frecuencia: 100-8KHz<\/li>\n<li>Sensibilidad: -38dBV\/Pa (nivel de componente de micr\u00f3fono)<\/li>\n<\/ul>\n<\/li>\n<li>Bocinas\n<ul class=\"specs-description-list\">\n<li>Respuesta de frecuencia (modo m\u00fasica): 20-16KHz<\/li>\n<li>Sensibilidad: 117 dB SPL\/1 mW\/1 kHz (nivel de transductor)<\/li>\n<li>Tama\u00f1o de transductor: 6 mm<\/li>\n<li>Impedancia de transductor: 16 ohmios<\/li>\n<li>Cumplimiento de normativas de audio: Conformidad con EN 50332 (&lt;100d BA)<\/li>\n<\/ul>\n<\/li>\n<\/ul>\n<\/div>\n<div class=\"specs-block\">\n<h4 class=\"specs-title\">C920E<\/h4>\n<ul class=\"specs-description-list\">\n<li>Videoconferencia Full HD 1080p (hasta 1920 x 1080 p\u00edxeles); videoconferencia 720p HD (hasta 1280 x 720 p\u00edxeles) con clientes compatibles<\/li>\n<li>Compresi\u00f3n de video H.264<\/li>\n<li>Campo visual diagonal de 78\u00b0<\/li>\n<li>Enfoque autom\u00e1tico<\/li>\n<li>Tecnolog\u00eda RightLight 2 para nitidez en distintas condiciones de iluminaci\u00f3n, incluso con luz escasa<\/li>\n<li>Dos micr\u00f3fonos omnidireccionales<\/li>\n<li>Tapa de privacidad acoplable<\/li>\n<li>Clip universal listo para tr\u00edpode para laptops o monitores LCD o CRT<\/li>\n<li>Plug and Play USB-A<\/li>\n<\/ul>\n<\/div>\n<\/div>\n<\/li>\n<li class=\"specs-column\">\n<div class=\"specs-group\">\n<header class=\"specs-header\">\n<h3 class=\"specs-heading\">CONTENIDO DE LA CAJA<\/h3>\n<\/header>\n<div class=\"specs-block\">\n<h4 class=\"specs-title\">Zone Wired Earbuds<\/h4>\n<ul class=\"specs-description-list\">\n<li>Zone Wired Earbuds con extremos de gel tama\u00f1o M y conector de 3,5 mm<\/li>\n<li>Controlador integrado en el cable con conector USB-C<\/li>\n<li>Adaptador USB-C a USB-A para aud\u00edfonos<\/li>\n<li>Extremos de gel sustituibles (XS, S, L) para aud\u00edfonos<\/li>\n<li>Funda port\u00e1til de neopreno para aud\u00edfonos<\/li>\n<\/ul>\n<\/div>\n<div class=\"specs-block\">\n<h4 class=\"specs-title\">C\u00e1mara web C920e<\/h4>\n<ul class=\"specs-description-list\">\n<li>Tapa de privacidad para c\u00e1mara web<\/li>\n<li>Documentaci\u00f3n del usuario para aud\u00edfonos y c\u00e1mara web<\/li>\n<\/ul>\n<\/div>\n<\/div>\n<p>&nbsp;<\/li>\n<\/ul>\n<ul class=\"pangea-cmp tech-specs js-pangea-tech-specs\">\n<li class=\"specs-column\">\n<div class=\"specs-group\">\n<header class=\"specs-header\">\n<h3 class=\"specs-heading\">INFORMACI\u00d3N DE GARANT\u00cdA<\/h3>\n<\/header>\n<div class=\"specs-block\">\n<div class=\"specs-description\"><strong>Aud\u00edfonos Logitech Zone Wired<\/strong><br \/>\nDos a\u00f1os de garant\u00eda limitada de hardware<strong>C\u00e1mara web empresarial C920e<\/strong><br \/>\nTres a\u00f1os de garant\u00eda limitada de hardware<\/div>\n<\/div>\n<\/div>\n<\/li>\n<li class=\"specs-column\">\n<div class=\"specs-group\">\n<header class=\"specs-header\">\n<h3 class=\"specs-heading\">N\u00daMERO DE REFERENCIA<\/h3>\n<\/header>\n<div class=\"specs-block\">\n<ul class=\"specs-description-list\">\n<li><strong>AURICULARES UC ZONE WIRED + c\u00e1mara web C920e:<\/strong> <span class=\"serial-num\">991-000381<\/span><\/li>\n<li><strong>AURICULARES MSFT TEAMS ZONE WIRED + C920e:<\/strong> <span class=\"serial-num\">991-000379<\/span><\/li>\n<\/ul>\n<p>&nbsp;<\/p>\n<p>Ll\u00e1manos al (55) 3342 8218 o d\u00e9janos tus datos <a href=\"https:\/\/explotumarca.com\/?page_id=14\">aqu\u00ed<\/a><\/p>\n<p>&nbsp;<\/p>\n<\/div>\n<\/div>\n<\/li>\n<\/ul>\n","protected":false},"excerpt":{"rendered":"<p>KIT\u00a0PERSONAL ESENCIAL\u00a0DE COLABORACI\u00d3N CON VIDEO Equipa cualquier espacio de trabajo personal con una c\u00e1mara web HD esencial combinada con aud\u00edfonos con cable USB dise\u00f1ados para espacios de trabajo ruidosos, un gran kit Aud\u00edfonos Zone Wired [&hellip;]<\/p>\n","protected":false},"featured_media":5664,"template":"","meta":{"content-type":""},"product_cat":[97],"product_tag":[],"class_list":{"0":"post-5662","1":"product","2":"type-product","3":"status-publish","4":"has-post-thumbnail","6":"product_cat-soluciones-de-espacios-de-trabajo","8":"first","9":"instock","10":"taxable","11":"shipping-taxable","12":"product-type-simple"},"yoast_head":"<!-- This site is optimized with the Yoast SEO Premium plugin v18.8 (Yoast SEO v26.8) - https:\/\/yoast.com\/product\/yoast-seo-premium-wordpress\/ -->\n<title>Zoom videollamadas; venta de equipos especiales y kit<\/title>\n<meta name=\"description\" content=\"Venta de equipos, salas, mantenimiento y capacitaci\u00f3n de zoom videollamadas para Empresas en M\u00e9xico. Cotiza los mejores equipos y kit\" \/>\n<meta name=\"robots\" content=\"index, follow, max-snippet:-1, max-image-preview:large, max-video-preview:-1\" \/>\n<link rel=\"canonical\" href=\"https:\/\/explotumarca.com\/?product=kit-personal-esencial-de-colaboracion-con-video\" \/>\n<meta property=\"og:locale\" content=\"es_MX\" \/>\n<meta property=\"og:type\" content=\"article\" \/>\n<meta property=\"og:title\" content=\"KIT PERSONAL ESENCIAL DE COLABORACI\u00d3N CON VIDEO\" \/>\n<meta property=\"og:description\" content=\"KIT\u00a0PERSONAL ESENCIAL\u00a0DE COLABORACI\u00d3N CON VIDEO Equipa cualquier espacio de trabajo personal con una c\u00e1mara web HD esencial combinada con aud\u00edfonos con\" \/>\n<meta property=\"og:url\" content=\"https:\/\/explotumarca.com\/?product=kit-personal-esencial-de-colaboracion-con-video\" \/>\n<meta property=\"og:site_name\" content=\"Explo\" \/>\n<meta property=\"article:publisher\" content=\"https:\/\/www.facebook.com\/MexicoExplo\/\" \/>\n<meta property=\"article:modified_time\" content=\"2022-04-11T20:41:56+00:00\" \/>\n<meta property=\"og:image\" content=\"https:\/\/explotumarca.com\/wp-content\/uploads\/2022\/03\/KIT-PERSONAL-ESENCIAL-DE-COLABORACION-CON-VIDEO-LOGITECH-VIDEOCONFERENCIA-EXPLO-EXPLOTUMARCA-3.jpg\" \/>\n\t<meta property=\"og:image:width\" content=\"450\" \/>\n\t<meta property=\"og:image:height\" content=\"450\" \/>\n\t<meta property=\"og:image:type\" content=\"image\/jpeg\" \/>\n<meta name=\"twitter:card\" content=\"summary_large_image\" \/>\n<meta name=\"twitter:label1\" content=\"Tiempo de lectura\" \/>\n\t<meta name=\"twitter:data1\" content=\"3 minutos\" \/>\n<script type=\"application\/ld+json\" class=\"yoast-schema-graph\">{\"@context\":\"https:\/\/schema.org\",\"@graph\":[{\"@type\":\"WebPage\",\"@id\":\"https:\/\/explotumarca.com\/?product=kit-personal-esencial-de-colaboracion-con-video\",\"url\":\"https:\/\/explotumarca.com\/?product=kit-personal-esencial-de-colaboracion-con-video\",\"name\":\"Zoom videollamadas; venta de equipos especiales y kit\",\"isPartOf\":{\"@id\":\"https:\/\/explotumarca.com\/#website\"},\"primaryImageOfPage\":{\"@id\":\"https:\/\/explotumarca.com\/?product=kit-personal-esencial-de-colaboracion-con-video#primaryimage\"},\"image\":{\"@id\":\"https:\/\/explotumarca.com\/?product=kit-personal-esencial-de-colaboracion-con-video#primaryimage\"},\"thumbnailUrl\":\"https:\/\/explotumarca.com\/wp-content\/uploads\/2022\/03\/KIT-PERSONAL-ESENCIAL-DE-COLABORACION-CON-VIDEO-LOGITECH-VIDEOCONFERENCIA-EXPLO-EXPLOTUMARCA-3.jpg\",\"datePublished\":\"2022-03-25T00:34:45+00:00\",\"dateModified\":\"2022-04-11T20:41:56+00:00\",\"description\":\"Venta de equipos, salas, mantenimiento y capacitaci\u00f3n de zoom videollamadas para Empresas en M\u00e9xico. Cotiza los mejores equipos y kit\",\"breadcrumb\":{\"@id\":\"https:\/\/explotumarca.com\/?product=kit-personal-esencial-de-colaboracion-con-video#breadcrumb\"},\"inLanguage\":\"es\",\"potentialAction\":[{\"@type\":\"ReadAction\",\"target\":[\"https:\/\/explotumarca.com\/?product=kit-personal-esencial-de-colaboracion-con-video\"]}]},{\"@type\":\"ImageObject\",\"inLanguage\":\"es\",\"@id\":\"https:\/\/explotumarca.com\/?product=kit-personal-esencial-de-colaboracion-con-video#primaryimage\",\"url\":\"https:\/\/explotumarca.com\/wp-content\/uploads\/2022\/03\/KIT-PERSONAL-ESENCIAL-DE-COLABORACION-CON-VIDEO-LOGITECH-VIDEOCONFERENCIA-EXPLO-EXPLOTUMARCA-3.jpg\",\"contentUrl\":\"https:\/\/explotumarca.com\/wp-content\/uploads\/2022\/03\/KIT-PERSONAL-ESENCIAL-DE-COLABORACION-CON-VIDEO-LOGITECH-VIDEOCONFERENCIA-EXPLO-EXPLOTUMARCA-3.jpg\",\"width\":450,\"height\":450,\"caption\":\"KIT PERSONAL ESENCIAL DE COLABORACI\u00d3N CON VIDEO LOGITECH VIDEOCONFERENCIA EXPLO EXPLOTUMARCA\"},{\"@type\":\"BreadcrumbList\",\"@id\":\"https:\/\/explotumarca.com\/?product=kit-personal-esencial-de-colaboracion-con-video#breadcrumb\",\"itemListElement\":[{\"@type\":\"ListItem\",\"position\":1,\"name\":\"Inicio\",\"item\":\"https:\/\/explotumarca.com\/\"},{\"@type\":\"ListItem\",\"position\":2,\"name\":\"Productos\",\"item\":\"https:\/\/explotumarca.com\/?post_type=product\"},{\"@type\":\"ListItem\",\"position\":3,\"name\":\"KIT PERSONAL ESENCIAL DE COLABORACI\u00d3N CON VIDEO\"}]},{\"@type\":\"WebSite\",\"@id\":\"https:\/\/explotumarca.com\/#website\",\"url\":\"https:\/\/explotumarca.com\/\",\"name\":\"Explo\",\"description\":\"Productos y servicios corporativos\",\"publisher\":{\"@id\":\"https:\/\/explotumarca.com\/#organization\"},\"potentialAction\":[{\"@type\":\"SearchAction\",\"target\":{\"@type\":\"EntryPoint\",\"urlTemplate\":\"https:\/\/explotumarca.com\/?s={search_term_string}\"},\"query-input\":{\"@type\":\"PropertyValueSpecification\",\"valueRequired\":true,\"valueName\":\"search_term_string\"}}],\"inLanguage\":\"es\"},{\"@type\":\"Organization\",\"@id\":\"https:\/\/explotumarca.com\/#organization\",\"name\":\"Explo\",\"url\":\"https:\/\/explotumarca.com\/\",\"logo\":{\"@type\":\"ImageObject\",\"inLanguage\":\"es\",\"@id\":\"https:\/\/explotumarca.com\/#\/schema\/logo\/image\/\",\"url\":\"http:\/\/arsnovamx.com\/explotumarca.com\/wp-content\/uploads\/2020\/10\/Nuevo-Logo-Explo-2020.jpg\",\"contentUrl\":\"http:\/\/arsnovamx.com\/explotumarca.com\/wp-content\/uploads\/2020\/10\/Nuevo-Logo-Explo-2020.jpg\",\"width\":800,\"height\":334,\"caption\":\"Explo\"},\"image\":{\"@id\":\"https:\/\/explotumarca.com\/#\/schema\/logo\/image\/\"},\"sameAs\":[\"https:\/\/www.facebook.com\/MexicoExplo\/\"]}]}<\/script>\n<!-- \/ Yoast SEO Premium plugin. -->","yoast_head_json":{"title":"Zoom videollamadas; venta de equipos especiales y kit","description":"Venta de equipos, salas, mantenimiento y capacitaci\u00f3n de zoom videollamadas para Empresas en M\u00e9xico. Cotiza los mejores equipos y kit","robots":{"index":"index","follow":"follow","max-snippet":"max-snippet:-1","max-image-preview":"max-image-preview:large","max-video-preview":"max-video-preview:-1"},"canonical":"https:\/\/explotumarca.com\/?product=kit-personal-esencial-de-colaboracion-con-video","og_locale":"es_MX","og_type":"article","og_title":"KIT PERSONAL ESENCIAL DE COLABORACI\u00d3N CON VIDEO","og_description":"KIT\u00a0PERSONAL ESENCIAL\u00a0DE COLABORACI\u00d3N CON VIDEO Equipa cualquier espacio de trabajo personal con una c\u00e1mara web HD esencial combinada con aud\u00edfonos con","og_url":"https:\/\/explotumarca.com\/?product=kit-personal-esencial-de-colaboracion-con-video","og_site_name":"Explo","article_publisher":"https:\/\/www.facebook.com\/MexicoExplo\/","article_modified_time":"2022-04-11T20:41:56+00:00","og_image":[{"width":450,"height":450,"url":"https:\/\/explotumarca.com\/wp-content\/uploads\/2022\/03\/KIT-PERSONAL-ESENCIAL-DE-COLABORACION-CON-VIDEO-LOGITECH-VIDEOCONFERENCIA-EXPLO-EXPLOTUMARCA-3.jpg","type":"image\/jpeg"}],"twitter_card":"summary_large_image","twitter_misc":{"Tiempo de lectura":"3 minutos"},"schema":{"@context":"https:\/\/schema.org","@graph":[{"@type":"WebPage","@id":"https:\/\/explotumarca.com\/?product=kit-personal-esencial-de-colaboracion-con-video","url":"https:\/\/explotumarca.com\/?product=kit-personal-esencial-de-colaboracion-con-video","name":"Zoom videollamadas; venta de equipos especiales y kit","isPartOf":{"@id":"https:\/\/explotumarca.com\/#website"},"primaryImageOfPage":{"@id":"https:\/\/explotumarca.com\/?product=kit-personal-esencial-de-colaboracion-con-video#primaryimage"},"image":{"@id":"https:\/\/explotumarca.com\/?product=kit-personal-esencial-de-colaboracion-con-video#primaryimage"},"thumbnailUrl":"https:\/\/explotumarca.com\/wp-content\/uploads\/2022\/03\/KIT-PERSONAL-ESENCIAL-DE-COLABORACION-CON-VIDEO-LOGITECH-VIDEOCONFERENCIA-EXPLO-EXPLOTUMARCA-3.jpg","datePublished":"2022-03-25T00:34:45+00:00","dateModified":"2022-04-11T20:41:56+00:00","description":"Venta de equipos, salas, mantenimiento y capacitaci\u00f3n de zoom videollamadas para Empresas en M\u00e9xico. Cotiza los mejores equipos y kit","breadcrumb":{"@id":"https:\/\/explotumarca.com\/?product=kit-personal-esencial-de-colaboracion-con-video#breadcrumb"},"inLanguage":"es","potentialAction":[{"@type":"ReadAction","target":["https:\/\/explotumarca.com\/?product=kit-personal-esencial-de-colaboracion-con-video"]}]},{"@type":"ImageObject","inLanguage":"es","@id":"https:\/\/explotumarca.com\/?product=kit-personal-esencial-de-colaboracion-con-video#primaryimage","url":"https:\/\/explotumarca.com\/wp-content\/uploads\/2022\/03\/KIT-PERSONAL-ESENCIAL-DE-COLABORACION-CON-VIDEO-LOGITECH-VIDEOCONFERENCIA-EXPLO-EXPLOTUMARCA-3.jpg","contentUrl":"https:\/\/explotumarca.com\/wp-content\/uploads\/2022\/03\/KIT-PERSONAL-ESENCIAL-DE-COLABORACION-CON-VIDEO-LOGITECH-VIDEOCONFERENCIA-EXPLO-EXPLOTUMARCA-3.jpg","width":450,"height":450,"caption":"KIT PERSONAL ESENCIAL DE COLABORACI\u00d3N CON VIDEO LOGITECH VIDEOCONFERENCIA EXPLO EXPLOTUMARCA"},{"@type":"BreadcrumbList","@id":"https:\/\/explotumarca.com\/?product=kit-personal-esencial-de-colaboracion-con-video#breadcrumb","itemListElement":[{"@type":"ListItem","position":1,"name":"Inicio","item":"https:\/\/explotumarca.com\/"},{"@type":"ListItem","position":2,"name":"Productos","item":"https:\/\/explotumarca.com\/?post_type=product"},{"@type":"ListItem","position":3,"name":"KIT PERSONAL ESENCIAL DE COLABORACI\u00d3N CON VIDEO"}]},{"@type":"WebSite","@id":"https:\/\/explotumarca.com\/#website","url":"https:\/\/explotumarca.com\/","name":"Explo","description":"Productos y servicios corporativos","publisher":{"@id":"https:\/\/explotumarca.com\/#organization"},"potentialAction":[{"@type":"SearchAction","target":{"@type":"EntryPoint","urlTemplate":"https:\/\/explotumarca.com\/?s={search_term_string}"},"query-input":{"@type":"PropertyValueSpecification","valueRequired":true,"valueName":"search_term_string"}}],"inLanguage":"es"},{"@type":"Organization","@id":"https:\/\/explotumarca.com\/#organization","name":"Explo","url":"https:\/\/explotumarca.com\/","logo":{"@type":"ImageObject","inLanguage":"es","@id":"https:\/\/explotumarca.com\/#\/schema\/logo\/image\/","url":"http:\/\/arsnovamx.com\/explotumarca.com\/wp-content\/uploads\/2020\/10\/Nuevo-Logo-Explo-2020.jpg","contentUrl":"http:\/\/arsnovamx.com\/explotumarca.com\/wp-content\/uploads\/2020\/10\/Nuevo-Logo-Explo-2020.jpg","width":800,"height":334,"caption":"Explo"},"image":{"@id":"https:\/\/explotumarca.com\/#\/schema\/logo\/image\/"},"sameAs":["https:\/\/www.facebook.com\/MexicoExplo\/"]}]}},"_links":{"self":[{"href":"https:\/\/explotumarca.com\/index.php?rest_route=\/wp\/v2\/product\/5662","targetHints":{"allow":["GET"]}}],"collection":[{"href":"https:\/\/explotumarca.com\/index.php?rest_route=\/wp\/v2\/product"}],"about":[{"href":"https:\/\/explotumarca.com\/index.php?rest_route=\/wp\/v2\/types\/product"}],"wp:featuredmedia":[{"embeddable":true,"href":"https:\/\/explotumarca.com\/index.php?rest_route=\/wp\/v2\/media\/5664"}],"wp:attachment":[{"href":"https:\/\/explotumarca.com\/index.php?rest_route=%2Fwp%2Fv2%2Fmedia&parent=5662"}],"wp:term":[{"taxonomy":"product_cat","embeddable":true,"href":"https:\/\/explotumarca.com\/index.php?rest_route=%2Fwp%2Fv2%2Fproduct_cat&post=5662"},{"taxonomy":"product_tag","embeddable":true,"href":"https:\/\/explotumarca.com\/index.php?rest_route=%2Fwp%2Fv2%2Fproduct_tag&post=5662"}],"curies":[{"name":"wp","href":"https:\/\/api.w.org\/{rel}","templated":true}]}}