{"id":5670,"date":"2022-03-24T19:00:46","date_gmt":"2022-03-25T01:00:46","guid":{"rendered":"https:\/\/explotumarca.com\/?post_type=product&#038;p=5670"},"modified":"2022-04-11T15:38:03","modified_gmt":"2022-04-11T20:38:03","slug":"logi-dock","status":"publish","type":"product","link":"https:\/\/explotumarca.com\/?product=logi-dock","title":{"rendered":"LOGI DOCK"},"content":{"rendered":"<h1 class=\"title js-title\">LOGI DOCK<\/h1>\n<div class=\"large body js-subtitle\">Estaci\u00f3n base todo-en-uno con altavoces y controles para entrar en las reuniones con un toque.<\/div>\n<div class=\"aem-padding-options\"><\/div>\n<div>Estaci\u00f3n base todo-en-uno con controles de reuni\u00f3n y altavoces<\/div>\n<div><\/div>\n<div>\n<ul class=\"pangea-cmp tech-specs js-pangea-tech-specs\">\n<li class=\"specs-column\">\n<div class=\"specs-group\">\n<header class=\"specs-header\">\n<h3 class=\"specs-heading\">DIMENSIONES<\/h3>\n<\/header>\n<div class=\"specs-block\">\n<h4 class=\"specs-title\">Logi Dock<\/h4>\n<ul class=\"specs-description-list\">\n<li>Altura: 84,8 mm<\/li>\n<li>Ancho: 160\u00a0mm<\/li>\n<li>Profundidad: 131,5 mm<\/li>\n<li>Longitud del cable: 1\u00a0m<\/li>\n<li>Peso: 0,942 kg<\/li>\n<\/ul>\n<\/div>\n<\/div>\n<\/li>\n<li class=\"specs-column\">\n<div class=\"specs-group\">\n<header class=\"specs-header\">\n<h3 class=\"specs-heading\">REQUISITOS DEL SISTEMA<\/h3>\n<\/header>\n<div class=\"specs-block\">\n<h4 class=\"specs-title\">Compatible con<\/h4>\n<ul class=\"specs-description-list\">\n<li>Computadora con Windows, macOS o Chrome&#x2122;<\/li>\n<li>Dispositivos iOS o Android&#x2122; con tecnolog\u00eda Bluetooth<\/li>\n<li>Puerto USB-C disponible<\/li>\n<li>Alimentaci\u00f3n de CA<\/li>\n<\/ul>\n<\/div>\n<div class=\"specs-block\">\n<h4 class=\"specs-title\">Descargas de software<\/h4>\n<ul class=\"specs-description-list\">\n<li>Descarga Logi Tune para disponer de una pr\u00e1ctica integraci\u00f3n de calendario, entrada en reuniones mediante un toque y personalizaci\u00f3n. <a class=\"note note-tooltip js-note-tooltip pangea-inited\"><sup aria-label=\"footnote 5\">5<\/sup><span class=\"visually-hidden js-tooltip-descriptor\" aria-hidden=\"true\">Se requiere la aplicaci\u00f3n Logi Tune para escritorio para la integraci\u00f3n de calendario, compatible con Office 365 y Google Calendar. La compatibilidad puede variar seg\u00fan el proveedor de servicios de videoconferencias. Consulta la p\u00e1gina de compatibilidad para obtener la informaci\u00f3n m\u00e1s reciente.<\/span><\/a><\/li>\n<\/ul>\n<\/div>\n<div class=\"specs-block\">\n<h4 class=\"specs-title\">Certificaciones avanzadas<\/h4>\n<ul class=\"specs-description-list\">\n<li>Microsoft Teams\u00ae, Google Meet&#x2122;, Google Voice&#x2122; y Zoom\u00ae<\/li>\n<li>&#8211; Consulta www.logitech.com\/support\/tap-compatibility para conocer las certificaciones pendientes y otorgadas y las actualizaciones de compatibilidad.<\/li>\n<\/ul>\n<\/div>\n<\/div>\n<p>&nbsp;<\/li>\n<\/ul>\n<\/div>\n<ul class=\"pangea-cmp tech-specs js-pangea-tech-specs\">\n<li class=\"specs-column\">\n<div class=\"specs-group\">\n<header class=\"specs-header\">\n<h3 class=\"specs-heading\">ESPECIFICACIONES T\u00c9CNICAS<\/h3>\n<\/header>\n<div class=\"specs-block\">\n<h4 class=\"specs-title\">Bocina<\/h4>\n<ul class=\"specs-description-list\">\n<li>Respuesta de frecuencia: 60\u00a0Hz-20\u00a0KHz<\/li>\n<li>Tama\u00f1o de transductor: 55 mm<\/li>\n<li>Compatible con cambio autom\u00e1tico de audio <a class=\"note note-tooltip js-note-tooltip pangea-inited\"><sup aria-label=\"footnote 6\">6<\/sup><span class=\"visually-hidden js-tooltip-descriptor\" aria-hidden=\"true\">Funciona con Zone Wireless (Plus) o Zone True Wireless<\/span><\/a><\/li>\n<\/ul>\n<\/div>\n<div class=\"specs-block\">\n<h4 class=\"specs-title\">Micr\u00f3fonos<\/h4>\n<ul class=\"specs-description-list\">\n<li>Matriz de seis micr\u00f3fonos de formaci\u00f3n de haces<\/li>\n<li>Respuesta de frecuencia: 65\u00a0Hz-8\u00a0KHz<\/li>\n<\/ul>\n<\/div>\n<div class=\"specs-block\">\n<h4 class=\"specs-title\">Estaci\u00f3n base<\/h4>\n<ul class=\"specs-description-list\">\n<li>Interfaz de base: USB-C con DisplayPort o modo Alt<\/li>\n<li>Alimentaci\u00f3n de sistema: Hasta 100 W para carga<\/li>\n<li>Puertos\n<ul class=\"specs-description-list\">\n<li>1 pantalla\/video &#8211; HDMI v. 1.4b (Compatible con hasta 4K a 60Hz HDR) <a class=\"note note-tooltip js-note-tooltip pangea-inited\"><sup aria-label=\"footnote 7\">7<\/sup><span class=\"visually-hidden js-tooltip-descriptor\" aria-hidden=\"true\">Consulta la p\u00e1gina de asistencia para obtener actualizaciones de compatibilidad.<\/span><\/a><\/li>\n<li>1 pantalla\/video &#8211; DisplayPort 1.4 (compatible con 4K a 60\u00a0Hz HDR) <a class=\"note note-tooltip js-note-tooltip pangea-inited\"><sup aria-label=\"footnote 8\">8<\/sup><span class=\"visually-hidden js-tooltip-descriptor\" aria-hidden=\"true\">Consulta la p\u00e1gina de asistencia para obtener actualizaciones de compatibilidad.<\/span><\/a><\/li>\n<li>2 USB-A\n<ul class=\"specs-description-list\">\n<li>1 USB 3.1 de 1.\u00aa generaci\u00f3n (5 Gbps) con carga de 4,5 W <a class=\"note note-tooltip js-note-tooltip pangea-inited\"><sup aria-label=\"footnote 9\">9<\/sup><span class=\"visually-hidden js-tooltip-descriptor\" aria-hidden=\"true\">Consulta la p\u00e1gina de asistencia para obtener actualizaciones de compatibilidad.<\/span><\/a><\/li>\n<li>1 USB 3.1 de 1.\u00aa generaci\u00f3n (5 Gbps) con carga r\u00e1pida de 7,5 W<\/li>\n<\/ul>\n<\/li>\n<li>3 USB-C\n<ul class=\"specs-description-list\">\n<li>2 USB 3.1 de 1.\u00aa generaci\u00f3n (5\u00a0Gbps) con carga de 4,5 W <a class=\"note note-tooltip js-note-tooltip pangea-inited\"><sup aria-label=\"footnote 10\">10<\/sup><span class=\"visually-hidden js-tooltip-descriptor\" aria-hidden=\"true\">Consulta la p\u00e1gina de asistencia para obtener actualizaciones de compatibilidad.<\/span><\/a><\/li>\n<li>1 USB 3.1 de 1.\u00aa generaci\u00f3n (5 Gbps) con carga r\u00e1pida de 7,5 W<\/li>\n<\/ul>\n<\/li>\n<li>1 USB-C de subida<\/li>\n<li>1 bot\u00f3n Sync Bluetooth<\/li>\n<li>1 toma de alimentaci\u00f3n de CA (230 W, 19,5 V)<\/li>\n<li>Tipo de conector de seguridad: Kensington Security Slot<\/li>\n<\/ul>\n<\/li>\n<\/ul>\n<\/div>\n<\/div>\n<p>&nbsp;<\/li>\n<\/ul>\n<ul class=\"pangea-cmp tech-specs js-pangea-tech-specs\">\n<li class=\"specs-column\">\n<div class=\"specs-group\">\n<header class=\"specs-header\">\n<h3 class=\"specs-heading\">CONTENIDO DE LA CAJA<\/h3>\n<\/header>\n<div class=\"specs-block\">\n<ul class=\"specs-description-list\">\n<li>Logi Dock<\/li>\n<li>Cable de alimentaci\u00f3n de 1,6 m<\/li>\n<li>Cable de alimentaci\u00f3n de CA de 1,7 m<\/li>\n<li>Cable USB-C a USB-C de 1 m<\/li>\n<li>Documentaci\u00f3n del usuario<\/li>\n<\/ul>\n<\/div>\n<\/div>\n<\/li>\n<li class=\"specs-column\">\n<div class=\"specs-group\">\n<header class=\"specs-header\">\n<h3 class=\"specs-heading\">INFORMACI\u00d3N DE GARANT\u00cdA<\/h3>\n<\/header>\n<div class=\"specs-block\">\n<div class=\"specs-description\">Dos a\u00f1os de garant\u00eda limitada de hardware<br \/>\nGarant\u00eda extendida de 1 a\u00f1o o 3 a\u00f1os disponible para su compra<\/div>\n<\/div>\n<\/div>\n<\/li>\n<li class=\"specs-column\">\n<div class=\"specs-group\">\n<header class=\"specs-header\">\n<h3 class=\"specs-heading\">N\u00daMERO DE REFERENCIA<\/h3>\n<\/header>\n<div class=\"specs-block\">\n<ul class=\"specs-description-list\">\n<li><strong>Grafito UC Logi Dock:<\/strong> <span class=\"serial-num\">986-000025<\/span><\/li>\n<li><strong>Grafito MS TEAMS Logi Dock:<\/strong> <span class=\"serial-num\">986-000015<\/span><\/li>\n<li><strong>Blanco crudo UC Logi Dock:<\/strong> <span class=\"serial-num\">986-000031<\/span><\/li>\n<\/ul>\n<p>&nbsp;<\/p>\n<p>Ll\u00e1manos al (55) 3342 8218 o d\u00e9janos tus datos <a href=\"https:\/\/explotumarca.com\/?page_id=14\">aqu\u00ed<\/a><\/p>\n<p>&nbsp;<\/p>\n<\/div>\n<\/div>\n<\/li>\n<\/ul>\n","protected":false},"excerpt":{"rendered":"<p>LOGI DOCK Estaci\u00f3n base todo-en-uno con altavoces y controles para entrar en las reuniones con un toque. Estaci\u00f3n base todo-en-uno con controles de reuni\u00f3n y altavoces DIMENSIONES Logi Dock Altura: 84,8 mm Ancho: 160\u00a0mm Profundidad: [&hellip;]<\/p>\n","protected":false},"featured_media":5674,"template":"","meta":{"content-type":""},"product_cat":[97],"product_tag":[],"class_list":{"0":"post-5670","1":"product","2":"type-product","3":"status-publish","4":"has-post-thumbnail","6":"product_cat-soluciones-de-espacios-de-trabajo","8":"first","9":"instock","10":"taxable","11":"shipping-taxable","12":"product-type-simple"},"yoast_head":"<!-- This site is optimized with the Yoast SEO Premium plugin v18.8 (Yoast SEO v26.8) - https:\/\/yoast.com\/product\/yoast-seo-premium-wordpress\/ -->\n<title>Zoom videollamadas; venta de equipos especiales para zoom<\/title>\n<meta name=\"description\" content=\"Venta de equipos, salas, mantenimiento y capacitaci\u00f3n de zoom videollamadas para Empresas en M\u00e9xico. Cotiza los mejores equipos 2020.\" \/>\n<meta name=\"robots\" content=\"index, follow, max-snippet:-1, max-image-preview:large, max-video-preview:-1\" \/>\n<link rel=\"canonical\" href=\"https:\/\/explotumarca.com\/?product=logi-dock\" \/>\n<meta property=\"og:locale\" content=\"es_MX\" \/>\n<meta property=\"og:type\" content=\"article\" \/>\n<meta property=\"og:title\" content=\"LOGI DOCK\" \/>\n<meta property=\"og:description\" content=\"LOGI DOCK Estaci\u00f3n base todo-en-uno con altavoces y controles para entrar en las reuniones con un toque. Estaci\u00f3n base todo-en-uno con controles de\" \/>\n<meta property=\"og:url\" content=\"https:\/\/explotumarca.com\/?product=logi-dock\" \/>\n<meta property=\"og:site_name\" content=\"Explo\" \/>\n<meta property=\"article:publisher\" content=\"https:\/\/www.facebook.com\/MexicoExplo\/\" \/>\n<meta property=\"article:modified_time\" content=\"2022-04-11T20:38:03+00:00\" \/>\n<meta property=\"og:image\" content=\"https:\/\/explotumarca.com\/wp-content\/uploads\/2022\/03\/LOGI-DOCK-LOGITECH-VIDEOCONFERENCIA-EXPLO-EXPLOTUMARCA-5.jpg\" \/>\n\t<meta property=\"og:image:width\" content=\"450\" \/>\n\t<meta property=\"og:image:height\" content=\"450\" \/>\n\t<meta property=\"og:image:type\" content=\"image\/jpeg\" \/>\n<meta name=\"twitter:card\" content=\"summary_large_image\" \/>\n<meta name=\"twitter:label1\" content=\"Tiempo de lectura\" \/>\n\t<meta name=\"twitter:data1\" content=\"3 minutos\" \/>\n<script type=\"application\/ld+json\" class=\"yoast-schema-graph\">{\"@context\":\"https:\/\/schema.org\",\"@graph\":[{\"@type\":\"WebPage\",\"@id\":\"https:\/\/explotumarca.com\/?product=logi-dock\",\"url\":\"https:\/\/explotumarca.com\/?product=logi-dock\",\"name\":\"Zoom videollamadas; venta de equipos especiales para zoom\",\"isPartOf\":{\"@id\":\"https:\/\/explotumarca.com\/#website\"},\"primaryImageOfPage\":{\"@id\":\"https:\/\/explotumarca.com\/?product=logi-dock#primaryimage\"},\"image\":{\"@id\":\"https:\/\/explotumarca.com\/?product=logi-dock#primaryimage\"},\"thumbnailUrl\":\"https:\/\/explotumarca.com\/wp-content\/uploads\/2022\/03\/LOGI-DOCK-LOGITECH-VIDEOCONFERENCIA-EXPLO-EXPLOTUMARCA-5.jpg\",\"datePublished\":\"2022-03-25T01:00:46+00:00\",\"dateModified\":\"2022-04-11T20:38:03+00:00\",\"description\":\"Venta de equipos, salas, mantenimiento y capacitaci\u00f3n de zoom videollamadas para Empresas en M\u00e9xico. Cotiza los mejores equipos 2020.\",\"breadcrumb\":{\"@id\":\"https:\/\/explotumarca.com\/?product=logi-dock#breadcrumb\"},\"inLanguage\":\"es\",\"potentialAction\":[{\"@type\":\"ReadAction\",\"target\":[\"https:\/\/explotumarca.com\/?product=logi-dock\"]}]},{\"@type\":\"ImageObject\",\"inLanguage\":\"es\",\"@id\":\"https:\/\/explotumarca.com\/?product=logi-dock#primaryimage\",\"url\":\"https:\/\/explotumarca.com\/wp-content\/uploads\/2022\/03\/LOGI-DOCK-LOGITECH-VIDEOCONFERENCIA-EXPLO-EXPLOTUMARCA-5.jpg\",\"contentUrl\":\"https:\/\/explotumarca.com\/wp-content\/uploads\/2022\/03\/LOGI-DOCK-LOGITECH-VIDEOCONFERENCIA-EXPLO-EXPLOTUMARCA-5.jpg\",\"width\":450,\"height\":450,\"caption\":\"LOGI DOCK LOGITECH VIDEOCONFERENCIA EXPLO EXPLOTUMARCA\"},{\"@type\":\"BreadcrumbList\",\"@id\":\"https:\/\/explotumarca.com\/?product=logi-dock#breadcrumb\",\"itemListElement\":[{\"@type\":\"ListItem\",\"position\":1,\"name\":\"Inicio\",\"item\":\"https:\/\/explotumarca.com\/\"},{\"@type\":\"ListItem\",\"position\":2,\"name\":\"Productos\",\"item\":\"https:\/\/explotumarca.com\/?post_type=product\"},{\"@type\":\"ListItem\",\"position\":3,\"name\":\"LOGI DOCK\"}]},{\"@type\":\"WebSite\",\"@id\":\"https:\/\/explotumarca.com\/#website\",\"url\":\"https:\/\/explotumarca.com\/\",\"name\":\"Explo\",\"description\":\"Productos y servicios corporativos\",\"publisher\":{\"@id\":\"https:\/\/explotumarca.com\/#organization\"},\"potentialAction\":[{\"@type\":\"SearchAction\",\"target\":{\"@type\":\"EntryPoint\",\"urlTemplate\":\"https:\/\/explotumarca.com\/?s={search_term_string}\"},\"query-input\":{\"@type\":\"PropertyValueSpecification\",\"valueRequired\":true,\"valueName\":\"search_term_string\"}}],\"inLanguage\":\"es\"},{\"@type\":\"Organization\",\"@id\":\"https:\/\/explotumarca.com\/#organization\",\"name\":\"Explo\",\"url\":\"https:\/\/explotumarca.com\/\",\"logo\":{\"@type\":\"ImageObject\",\"inLanguage\":\"es\",\"@id\":\"https:\/\/explotumarca.com\/#\/schema\/logo\/image\/\",\"url\":\"http:\/\/arsnovamx.com\/explotumarca.com\/wp-content\/uploads\/2020\/10\/Nuevo-Logo-Explo-2020.jpg\",\"contentUrl\":\"http:\/\/arsnovamx.com\/explotumarca.com\/wp-content\/uploads\/2020\/10\/Nuevo-Logo-Explo-2020.jpg\",\"width\":800,\"height\":334,\"caption\":\"Explo\"},\"image\":{\"@id\":\"https:\/\/explotumarca.com\/#\/schema\/logo\/image\/\"},\"sameAs\":[\"https:\/\/www.facebook.com\/MexicoExplo\/\"]}]}<\/script>\n<!-- \/ Yoast SEO Premium plugin. -->","yoast_head_json":{"title":"Zoom videollamadas; venta de equipos especiales para zoom","description":"Venta de equipos, salas, mantenimiento y capacitaci\u00f3n de zoom videollamadas para Empresas en M\u00e9xico. Cotiza los mejores equipos 2020.","robots":{"index":"index","follow":"follow","max-snippet":"max-snippet:-1","max-image-preview":"max-image-preview:large","max-video-preview":"max-video-preview:-1"},"canonical":"https:\/\/explotumarca.com\/?product=logi-dock","og_locale":"es_MX","og_type":"article","og_title":"LOGI DOCK","og_description":"LOGI DOCK Estaci\u00f3n base todo-en-uno con altavoces y controles para entrar en las reuniones con un toque. Estaci\u00f3n base todo-en-uno con controles de","og_url":"https:\/\/explotumarca.com\/?product=logi-dock","og_site_name":"Explo","article_publisher":"https:\/\/www.facebook.com\/MexicoExplo\/","article_modified_time":"2022-04-11T20:38:03+00:00","og_image":[{"width":450,"height":450,"url":"https:\/\/explotumarca.com\/wp-content\/uploads\/2022\/03\/LOGI-DOCK-LOGITECH-VIDEOCONFERENCIA-EXPLO-EXPLOTUMARCA-5.jpg","type":"image\/jpeg"}],"twitter_card":"summary_large_image","twitter_misc":{"Tiempo de lectura":"3 minutos"},"schema":{"@context":"https:\/\/schema.org","@graph":[{"@type":"WebPage","@id":"https:\/\/explotumarca.com\/?product=logi-dock","url":"https:\/\/explotumarca.com\/?product=logi-dock","name":"Zoom videollamadas; venta de equipos especiales para zoom","isPartOf":{"@id":"https:\/\/explotumarca.com\/#website"},"primaryImageOfPage":{"@id":"https:\/\/explotumarca.com\/?product=logi-dock#primaryimage"},"image":{"@id":"https:\/\/explotumarca.com\/?product=logi-dock#primaryimage"},"thumbnailUrl":"https:\/\/explotumarca.com\/wp-content\/uploads\/2022\/03\/LOGI-DOCK-LOGITECH-VIDEOCONFERENCIA-EXPLO-EXPLOTUMARCA-5.jpg","datePublished":"2022-03-25T01:00:46+00:00","dateModified":"2022-04-11T20:38:03+00:00","description":"Venta de equipos, salas, mantenimiento y capacitaci\u00f3n de zoom videollamadas para Empresas en M\u00e9xico. Cotiza los mejores equipos 2020.","breadcrumb":{"@id":"https:\/\/explotumarca.com\/?product=logi-dock#breadcrumb"},"inLanguage":"es","potentialAction":[{"@type":"ReadAction","target":["https:\/\/explotumarca.com\/?product=logi-dock"]}]},{"@type":"ImageObject","inLanguage":"es","@id":"https:\/\/explotumarca.com\/?product=logi-dock#primaryimage","url":"https:\/\/explotumarca.com\/wp-content\/uploads\/2022\/03\/LOGI-DOCK-LOGITECH-VIDEOCONFERENCIA-EXPLO-EXPLOTUMARCA-5.jpg","contentUrl":"https:\/\/explotumarca.com\/wp-content\/uploads\/2022\/03\/LOGI-DOCK-LOGITECH-VIDEOCONFERENCIA-EXPLO-EXPLOTUMARCA-5.jpg","width":450,"height":450,"caption":"LOGI DOCK LOGITECH VIDEOCONFERENCIA EXPLO EXPLOTUMARCA"},{"@type":"BreadcrumbList","@id":"https:\/\/explotumarca.com\/?product=logi-dock#breadcrumb","itemListElement":[{"@type":"ListItem","position":1,"name":"Inicio","item":"https:\/\/explotumarca.com\/"},{"@type":"ListItem","position":2,"name":"Productos","item":"https:\/\/explotumarca.com\/?post_type=product"},{"@type":"ListItem","position":3,"name":"LOGI DOCK"}]},{"@type":"WebSite","@id":"https:\/\/explotumarca.com\/#website","url":"https:\/\/explotumarca.com\/","name":"Explo","description":"Productos y servicios corporativos","publisher":{"@id":"https:\/\/explotumarca.com\/#organization"},"potentialAction":[{"@type":"SearchAction","target":{"@type":"EntryPoint","urlTemplate":"https:\/\/explotumarca.com\/?s={search_term_string}"},"query-input":{"@type":"PropertyValueSpecification","valueRequired":true,"valueName":"search_term_string"}}],"inLanguage":"es"},{"@type":"Organization","@id":"https:\/\/explotumarca.com\/#organization","name":"Explo","url":"https:\/\/explotumarca.com\/","logo":{"@type":"ImageObject","inLanguage":"es","@id":"https:\/\/explotumarca.com\/#\/schema\/logo\/image\/","url":"http:\/\/arsnovamx.com\/explotumarca.com\/wp-content\/uploads\/2020\/10\/Nuevo-Logo-Explo-2020.jpg","contentUrl":"http:\/\/arsnovamx.com\/explotumarca.com\/wp-content\/uploads\/2020\/10\/Nuevo-Logo-Explo-2020.jpg","width":800,"height":334,"caption":"Explo"},"image":{"@id":"https:\/\/explotumarca.com\/#\/schema\/logo\/image\/"},"sameAs":["https:\/\/www.facebook.com\/MexicoExplo\/"]}]}},"_links":{"self":[{"href":"https:\/\/explotumarca.com\/index.php?rest_route=\/wp\/v2\/product\/5670","targetHints":{"allow":["GET"]}}],"collection":[{"href":"https:\/\/explotumarca.com\/index.php?rest_route=\/wp\/v2\/product"}],"about":[{"href":"https:\/\/explotumarca.com\/index.php?rest_route=\/wp\/v2\/types\/product"}],"wp:featuredmedia":[{"embeddable":true,"href":"https:\/\/explotumarca.com\/index.php?rest_route=\/wp\/v2\/media\/5674"}],"wp:attachment":[{"href":"https:\/\/explotumarca.com\/index.php?rest_route=%2Fwp%2Fv2%2Fmedia&parent=5670"}],"wp:term":[{"taxonomy":"product_cat","embeddable":true,"href":"https:\/\/explotumarca.com\/index.php?rest_route=%2Fwp%2Fv2%2Fproduct_cat&post=5670"},{"taxonomy":"product_tag","embeddable":true,"href":"https:\/\/explotumarca.com\/index.php?rest_route=%2Fwp%2Fv2%2Fproduct_tag&post=5670"}],"curies":[{"name":"wp","href":"https:\/\/api.w.org\/{rel}","templated":true}]}}