{"id":5686,"date":"2022-03-24T20:46:09","date_gmt":"2022-03-25T02:46:09","guid":{"rendered":"https:\/\/explotumarca.com\/?post_type=product&#038;p=5686"},"modified":"2022-04-11T15:27:29","modified_gmt":"2022-04-11T20:27:29","slug":"camara-web-empresarial-c925e","status":"publish","type":"product","link":"https:\/\/explotumarca.com\/?product=camara-web-empresarial-c925e","title":{"rendered":"C\u00c1MARA WEB EMPRESARIAL C925E"},"content":{"rendered":"<h1 class=\"title js-title\">C\u00c1MARA WEB EMPRESARIAL C925E<\/h1>\n<div class=\"large body js-subtitle\"><a href=\"https:\/\/www.logitech.com\/es-mx\/products\/webcams\/c925e-business-webcam.960-001075.html\">C\u00e1mara web<\/a> empresarial 1080p mejorada con compatibilidad con H.264 una gran Webcam<\/div>\n<div><\/div>\n<div>\n<h2 class=\"body-copy-title font-title-m font-brown-bold \">VIDEO COLABORACI\u00d3N MEJORADA CON ESTA WEBCAM<\/h2>\n<p>La C925e es una Webcam HD 1080p que ofrece video y sonido profesionales. Certificada para uso empresarial continuo y a un precio asequible, la C925e proporciona compresi\u00f3n H.264 con codificaci\u00f3n de video escalable (SVC) y codificaci\u00f3n UVC 1.1 para minimizar la dependencia de recursos de computadoras y redes, al producir una experiencia de video siempre confiable, incluso si hay limitaciones de ancho de banda.<\/p>\n<\/div>\n<ul class=\"pangea-cmp tech-specs js-pangea-tech-specs\">\n<li class=\"specs-column\">\n<div class=\"specs-group\">\n<header class=\"specs-header\">\n<h3 class=\"specs-heading\">DIMENSIONES DE WEBCAM<\/h3>\n<\/header>\n<div class=\"specs-block\">\n<h4 class=\"specs-title\">CON CLIP DE MONTAJE ACOPLADO<\/h4>\n<ul class=\"specs-description-list\">\n<li>Altura: 73 mm<\/li>\n<li>Ancho: 126 mm<\/li>\n<li>Profundidad: 45 mm<\/li>\n<li>Profundidad: 1,83\u00a0m<\/li>\n<li>Peso: 170 g<\/li>\n<\/ul>\n<\/div>\n<\/div>\n<\/li>\n<li class=\"specs-column\">\n<div class=\"specs-group\">\n<header class=\"specs-header\">\n<h3 class=\"specs-heading\">REQUISITOS DEL SISTEMA<\/h3>\n<\/header>\n<div class=\"specs-block\">\n<h4 class=\"specs-title\">Compatible con<\/h4>\n<ul class=\"specs-description-list\">\n<li>Windows\u00ae 8 o posterior<\/li>\n<li>macOS 10.7 o posterior<\/li>\n<li>Chrome OS&#x2122;<\/li>\n<\/ul>\n<\/div>\n<div class=\"specs-block\">\n<div class=\"specs-description\">Un puerto USB-A<\/div>\n<\/div>\n<div class=\"specs-block\">\n<div class=\"specs-description\">Compatible con Microsoft Directshow<\/div>\n<\/div>\n<div class=\"specs-block\">\n<div class=\"specs-description\">Funciona con plataformas de llamadas populares<\/div>\n<\/div>\n<\/div>\n<div><\/div>\n<\/li>\n<\/ul>\n<div class=\"specs-block\"><\/div>\n<div>\n<header class=\"specs-header\">\n<h3 class=\"specs-heading\">ESPECIFICACIONES T\u00c9CNICAS DE WEBCAM<\/h3>\n<\/header>\n<div class=\"specs-block\">\n<h4 class=\"specs-title\">M\u00faltiples resoluciones<\/h4>\n<ul class=\"specs-description-list\">\n<li>1080p\/30 fps (hasta 1920 x 1080 p\u00edxeles)<\/li>\n<li>720p\/30 fps (hasta 1280 x 720 p\u00edxeles)<\/li>\n<\/ul>\n<\/div>\n<div class=\"specs-block\">\n<div class=\"specs-description\">C\u00e1mara mega pixel: 3<\/div>\n<\/div>\n<div class=\"specs-block\">\n<div class=\"specs-description\">Tipo de enfoque: Enfoque autom\u00e1tico<\/div>\n<\/div>\n<div class=\"specs-block\">\n<div class=\"specs-description\">Tipo de lente: Cristal<\/div>\n<\/div>\n<div class=\"specs-block\">\n<div class=\"specs-description\">Micr\u00f3fono integrado: dos omnidireccionales est\u00e9reo<\/div>\n<\/div>\n<div class=\"specs-block\">\n<div class=\"specs-description\">Radio de micr\u00f3fono: Hasta 1 m<\/div>\n<\/div>\n<div class=\"specs-block\">\n<div class=\"specs-description\">Campo visual diagonal (dFoV): 78\u00b0<\/div>\n<\/div>\n<div class=\"specs-block\">\n<div class=\"specs-description\">Zoom digital: 1.2 x<\/div>\n<\/div>\n<div class=\"specs-block\">\n<div class=\"specs-description\">Conectividad USB: Plug and Play USB-A<\/div>\n<\/div>\n<div class=\"specs-block\">\n<div class=\"specs-description\">Compatible con H.264 con codificaci\u00f3n de video escalable y codificaci\u00f3n UVC 1.1 para minimizar su dependencia de los recursos de computadoras y de redes<\/div>\n<\/div>\n<div class=\"specs-block\">\n<div class=\"specs-description\">Tecnolog\u00eda RightLight 2 para nitidez en distintas condiciones de iluminaci\u00f3n, incluso con luz escasa<\/div>\n<\/div>\n<div class=\"specs-block\">\n<div class=\"specs-description\">Tapa de privacidad integrada<\/div>\n<\/div>\n<div class=\"specs-block\">\n<div class=\"specs-description\">Clip universal acoplable a tr\u00edpode, para monitores, pantallas LCD o laptops <a class=\"note note-tooltip js-note-tooltip pangea-inited\"><sup aria-label=\"footnote 1\">1<\/sup><\/a><\/div>\n<\/div>\n<\/div>\n<div><\/div>\n<div>\n<ul class=\"pangea-cmp tech-specs js-pangea-tech-specs\">\n<li class=\"specs-column\">\n<div class=\"specs-group\">\n<header class=\"specs-header\">\n<h3 class=\"specs-heading\">CONTENIDO DE LA CAJA<\/h3>\n<\/header>\n<div class=\"specs-block\">\n<ul class=\"specs-description-list\">\n<li>C\u00e1mara web con cable USB-A fijo de 1,83 m<\/li>\n<li>Documentaci\u00f3n del usuario<\/li>\n<\/ul>\n<\/div>\n<\/div>\n<\/li>\n<li class=\"specs-column\">\n<div class=\"specs-group\">\n<header class=\"specs-header\">\n<h3 class=\"specs-heading\">INFORMACI\u00d3N DE GARANT\u00cdA<\/h3>\n<\/header>\n<div class=\"specs-block\">\n<div class=\"specs-description\">Tres a\u00f1os de garant\u00eda de hardware limitada<\/div>\n<\/div>\n<\/div>\n<\/li>\n<li class=\"specs-column\">\n<div class=\"specs-group\">\n<header class=\"specs-header\">\n<h3 class=\"specs-heading\">N\u00daMERO DE REFERENCIA<\/h3>\n<\/header>\n<div class=\"specs-block\">\n<ul class=\"specs-description-list\">\n<li>960-001075<\/li>\n<\/ul>\n<p>Ll\u00e1manos al (55) 3342 8218 o d\u00e9janos tus datos <a href=\"https:\/\/explotumarca.com\/?page_id=14\">aqu\u00ed<\/a><\/p>\n<p>&nbsp;<\/p>\n<\/div>\n<\/div>\n<\/li>\n<\/ul>\n<\/div>\n","protected":false},"excerpt":{"rendered":"<p>C\u00c1MARA WEB EMPRESARIAL C925E C\u00e1mara web empresarial 1080p mejorada con compatibilidad con H.264 una gran Webcam VIDEO COLABORACI\u00d3N MEJORADA CON ESTA WEBCAM La C925e es una Webcam HD 1080p que ofrece video y sonido profesionales. [&hellip;]<\/p>\n","protected":false},"featured_media":5689,"template":"","meta":{"content-type":""},"product_cat":[98],"product_tag":[],"class_list":{"0":"post-5686","1":"product","2":"type-product","3":"status-publish","4":"has-post-thumbnail","6":"product_cat-camaras-web","8":"first","9":"instock","10":"taxable","11":"shipping-taxable","12":"product-type-simple"},"yoast_head":"<!-- This site is optimized with the Yoast SEO Premium plugin v18.8 (Yoast SEO v26.8) - https:\/\/yoast.com\/product\/yoast-seo-premium-wordpress\/ -->\n<title>Webcam Zoom videollamadas; venta de equipos especiales<\/title>\n<meta name=\"description\" content=\"Venta de equipos, salas, mantenimiento y capacitaci\u00f3n de zoom videollamadas para Empresas en M\u00e9xico. Cotiza los mejores equipos WEBCAM\" \/>\n<meta name=\"robots\" content=\"index, follow, max-snippet:-1, max-image-preview:large, max-video-preview:-1\" \/>\n<link rel=\"canonical\" href=\"https:\/\/explotumarca.com\/?product=camara-web-empresarial-c925e\" \/>\n<meta property=\"og:locale\" content=\"es_MX\" \/>\n<meta property=\"og:type\" content=\"article\" \/>\n<meta property=\"og:title\" content=\"C\u00c1MARA WEB EMPRESARIAL C925E\" \/>\n<meta property=\"og:description\" content=\"C\u00c1MARA WEB EMPRESARIAL C925E C\u00e1mara web empresarial 1080p mejorada con compatibilidad con H.264 una gran Webcam VIDEO COLABORACI\u00d3N MEJORADA CON ESTA\" \/>\n<meta property=\"og:url\" content=\"https:\/\/explotumarca.com\/?product=camara-web-empresarial-c925e\" \/>\n<meta property=\"og:site_name\" content=\"Explo\" \/>\n<meta property=\"article:publisher\" content=\"https:\/\/www.facebook.com\/MexicoExplo\/\" \/>\n<meta property=\"article:modified_time\" content=\"2022-04-11T20:27:29+00:00\" \/>\n<meta property=\"og:image\" content=\"https:\/\/explotumarca.com\/wp-content\/uploads\/2022\/03\/CAMARA-WEB-EMPRESARIAL-C925E-LOGITECH-VIDEOCONFERENCIA-EXPLO-EXPLOTUMARCA-4.jpg\" \/>\n\t<meta property=\"og:image:width\" content=\"450\" \/>\n\t<meta property=\"og:image:height\" content=\"450\" \/>\n\t<meta property=\"og:image:type\" content=\"image\/jpeg\" \/>\n<meta name=\"twitter:card\" content=\"summary_large_image\" \/>\n<meta name=\"twitter:label1\" content=\"Tiempo de lectura\" \/>\n\t<meta name=\"twitter:data1\" content=\"2 minutos\" \/>\n<script type=\"application\/ld+json\" class=\"yoast-schema-graph\">{\"@context\":\"https:\/\/schema.org\",\"@graph\":[{\"@type\":\"WebPage\",\"@id\":\"https:\/\/explotumarca.com\/?product=camara-web-empresarial-c925e\",\"url\":\"https:\/\/explotumarca.com\/?product=camara-web-empresarial-c925e\",\"name\":\"Webcam Zoom videollamadas; venta de equipos especiales\",\"isPartOf\":{\"@id\":\"https:\/\/explotumarca.com\/#website\"},\"primaryImageOfPage\":{\"@id\":\"https:\/\/explotumarca.com\/?product=camara-web-empresarial-c925e#primaryimage\"},\"image\":{\"@id\":\"https:\/\/explotumarca.com\/?product=camara-web-empresarial-c925e#primaryimage\"},\"thumbnailUrl\":\"https:\/\/explotumarca.com\/wp-content\/uploads\/2022\/03\/CAMARA-WEB-EMPRESARIAL-C925E-LOGITECH-VIDEOCONFERENCIA-EXPLO-EXPLOTUMARCA-4.jpg\",\"datePublished\":\"2022-03-25T02:46:09+00:00\",\"dateModified\":\"2022-04-11T20:27:29+00:00\",\"description\":\"Venta de equipos, salas, mantenimiento y capacitaci\u00f3n de zoom videollamadas para Empresas en M\u00e9xico. Cotiza los mejores equipos WEBCAM\",\"breadcrumb\":{\"@id\":\"https:\/\/explotumarca.com\/?product=camara-web-empresarial-c925e#breadcrumb\"},\"inLanguage\":\"es\",\"potentialAction\":[{\"@type\":\"ReadAction\",\"target\":[\"https:\/\/explotumarca.com\/?product=camara-web-empresarial-c925e\"]}]},{\"@type\":\"ImageObject\",\"inLanguage\":\"es\",\"@id\":\"https:\/\/explotumarca.com\/?product=camara-web-empresarial-c925e#primaryimage\",\"url\":\"https:\/\/explotumarca.com\/wp-content\/uploads\/2022\/03\/CAMARA-WEB-EMPRESARIAL-C925E-LOGITECH-VIDEOCONFERENCIA-EXPLO-EXPLOTUMARCA-4.jpg\",\"contentUrl\":\"https:\/\/explotumarca.com\/wp-content\/uploads\/2022\/03\/CAMARA-WEB-EMPRESARIAL-C925E-LOGITECH-VIDEOCONFERENCIA-EXPLO-EXPLOTUMARCA-4.jpg\",\"width\":450,\"height\":450,\"caption\":\"CAMARA WEB EMPRESARIAL C925E LOGITECH VIDEOCONFERENCIA EXPLO EXPLOTUMARCA\"},{\"@type\":\"BreadcrumbList\",\"@id\":\"https:\/\/explotumarca.com\/?product=camara-web-empresarial-c925e#breadcrumb\",\"itemListElement\":[{\"@type\":\"ListItem\",\"position\":1,\"name\":\"Inicio\",\"item\":\"https:\/\/explotumarca.com\/\"},{\"@type\":\"ListItem\",\"position\":2,\"name\":\"Productos\",\"item\":\"https:\/\/explotumarca.com\/?post_type=product\"},{\"@type\":\"ListItem\",\"position\":3,\"name\":\"C\u00c1MARA WEB EMPRESARIAL C925E\"}]},{\"@type\":\"WebSite\",\"@id\":\"https:\/\/explotumarca.com\/#website\",\"url\":\"https:\/\/explotumarca.com\/\",\"name\":\"Explo\",\"description\":\"Productos y servicios corporativos\",\"publisher\":{\"@id\":\"https:\/\/explotumarca.com\/#organization\"},\"potentialAction\":[{\"@type\":\"SearchAction\",\"target\":{\"@type\":\"EntryPoint\",\"urlTemplate\":\"https:\/\/explotumarca.com\/?s={search_term_string}\"},\"query-input\":{\"@type\":\"PropertyValueSpecification\",\"valueRequired\":true,\"valueName\":\"search_term_string\"}}],\"inLanguage\":\"es\"},{\"@type\":\"Organization\",\"@id\":\"https:\/\/explotumarca.com\/#organization\",\"name\":\"Explo\",\"url\":\"https:\/\/explotumarca.com\/\",\"logo\":{\"@type\":\"ImageObject\",\"inLanguage\":\"es\",\"@id\":\"https:\/\/explotumarca.com\/#\/schema\/logo\/image\/\",\"url\":\"http:\/\/arsnovamx.com\/explotumarca.com\/wp-content\/uploads\/2020\/10\/Nuevo-Logo-Explo-2020.jpg\",\"contentUrl\":\"http:\/\/arsnovamx.com\/explotumarca.com\/wp-content\/uploads\/2020\/10\/Nuevo-Logo-Explo-2020.jpg\",\"width\":800,\"height\":334,\"caption\":\"Explo\"},\"image\":{\"@id\":\"https:\/\/explotumarca.com\/#\/schema\/logo\/image\/\"},\"sameAs\":[\"https:\/\/www.facebook.com\/MexicoExplo\/\"]}]}<\/script>\n<!-- \/ Yoast SEO Premium plugin. -->","yoast_head_json":{"title":"Webcam Zoom videollamadas; venta de equipos especiales","description":"Venta de equipos, salas, mantenimiento y capacitaci\u00f3n de zoom videollamadas para Empresas en M\u00e9xico. Cotiza los mejores equipos WEBCAM","robots":{"index":"index","follow":"follow","max-snippet":"max-snippet:-1","max-image-preview":"max-image-preview:large","max-video-preview":"max-video-preview:-1"},"canonical":"https:\/\/explotumarca.com\/?product=camara-web-empresarial-c925e","og_locale":"es_MX","og_type":"article","og_title":"C\u00c1MARA WEB EMPRESARIAL C925E","og_description":"C\u00c1MARA WEB EMPRESARIAL C925E C\u00e1mara web empresarial 1080p mejorada con compatibilidad con H.264 una gran Webcam VIDEO COLABORACI\u00d3N MEJORADA CON ESTA","og_url":"https:\/\/explotumarca.com\/?product=camara-web-empresarial-c925e","og_site_name":"Explo","article_publisher":"https:\/\/www.facebook.com\/MexicoExplo\/","article_modified_time":"2022-04-11T20:27:29+00:00","og_image":[{"width":450,"height":450,"url":"https:\/\/explotumarca.com\/wp-content\/uploads\/2022\/03\/CAMARA-WEB-EMPRESARIAL-C925E-LOGITECH-VIDEOCONFERENCIA-EXPLO-EXPLOTUMARCA-4.jpg","type":"image\/jpeg"}],"twitter_card":"summary_large_image","twitter_misc":{"Tiempo de lectura":"2 minutos"},"schema":{"@context":"https:\/\/schema.org","@graph":[{"@type":"WebPage","@id":"https:\/\/explotumarca.com\/?product=camara-web-empresarial-c925e","url":"https:\/\/explotumarca.com\/?product=camara-web-empresarial-c925e","name":"Webcam Zoom videollamadas; venta de equipos especiales","isPartOf":{"@id":"https:\/\/explotumarca.com\/#website"},"primaryImageOfPage":{"@id":"https:\/\/explotumarca.com\/?product=camara-web-empresarial-c925e#primaryimage"},"image":{"@id":"https:\/\/explotumarca.com\/?product=camara-web-empresarial-c925e#primaryimage"},"thumbnailUrl":"https:\/\/explotumarca.com\/wp-content\/uploads\/2022\/03\/CAMARA-WEB-EMPRESARIAL-C925E-LOGITECH-VIDEOCONFERENCIA-EXPLO-EXPLOTUMARCA-4.jpg","datePublished":"2022-03-25T02:46:09+00:00","dateModified":"2022-04-11T20:27:29+00:00","description":"Venta de equipos, salas, mantenimiento y capacitaci\u00f3n de zoom videollamadas para Empresas en M\u00e9xico. Cotiza los mejores equipos WEBCAM","breadcrumb":{"@id":"https:\/\/explotumarca.com\/?product=camara-web-empresarial-c925e#breadcrumb"},"inLanguage":"es","potentialAction":[{"@type":"ReadAction","target":["https:\/\/explotumarca.com\/?product=camara-web-empresarial-c925e"]}]},{"@type":"ImageObject","inLanguage":"es","@id":"https:\/\/explotumarca.com\/?product=camara-web-empresarial-c925e#primaryimage","url":"https:\/\/explotumarca.com\/wp-content\/uploads\/2022\/03\/CAMARA-WEB-EMPRESARIAL-C925E-LOGITECH-VIDEOCONFERENCIA-EXPLO-EXPLOTUMARCA-4.jpg","contentUrl":"https:\/\/explotumarca.com\/wp-content\/uploads\/2022\/03\/CAMARA-WEB-EMPRESARIAL-C925E-LOGITECH-VIDEOCONFERENCIA-EXPLO-EXPLOTUMARCA-4.jpg","width":450,"height":450,"caption":"CAMARA WEB EMPRESARIAL C925E LOGITECH VIDEOCONFERENCIA EXPLO EXPLOTUMARCA"},{"@type":"BreadcrumbList","@id":"https:\/\/explotumarca.com\/?product=camara-web-empresarial-c925e#breadcrumb","itemListElement":[{"@type":"ListItem","position":1,"name":"Inicio","item":"https:\/\/explotumarca.com\/"},{"@type":"ListItem","position":2,"name":"Productos","item":"https:\/\/explotumarca.com\/?post_type=product"},{"@type":"ListItem","position":3,"name":"C\u00c1MARA WEB EMPRESARIAL C925E"}]},{"@type":"WebSite","@id":"https:\/\/explotumarca.com\/#website","url":"https:\/\/explotumarca.com\/","name":"Explo","description":"Productos y servicios corporativos","publisher":{"@id":"https:\/\/explotumarca.com\/#organization"},"potentialAction":[{"@type":"SearchAction","target":{"@type":"EntryPoint","urlTemplate":"https:\/\/explotumarca.com\/?s={search_term_string}"},"query-input":{"@type":"PropertyValueSpecification","valueRequired":true,"valueName":"search_term_string"}}],"inLanguage":"es"},{"@type":"Organization","@id":"https:\/\/explotumarca.com\/#organization","name":"Explo","url":"https:\/\/explotumarca.com\/","logo":{"@type":"ImageObject","inLanguage":"es","@id":"https:\/\/explotumarca.com\/#\/schema\/logo\/image\/","url":"http:\/\/arsnovamx.com\/explotumarca.com\/wp-content\/uploads\/2020\/10\/Nuevo-Logo-Explo-2020.jpg","contentUrl":"http:\/\/arsnovamx.com\/explotumarca.com\/wp-content\/uploads\/2020\/10\/Nuevo-Logo-Explo-2020.jpg","width":800,"height":334,"caption":"Explo"},"image":{"@id":"https:\/\/explotumarca.com\/#\/schema\/logo\/image\/"},"sameAs":["https:\/\/www.facebook.com\/MexicoExplo\/"]}]}},"_links":{"self":[{"href":"https:\/\/explotumarca.com\/index.php?rest_route=\/wp\/v2\/product\/5686","targetHints":{"allow":["GET"]}}],"collection":[{"href":"https:\/\/explotumarca.com\/index.php?rest_route=\/wp\/v2\/product"}],"about":[{"href":"https:\/\/explotumarca.com\/index.php?rest_route=\/wp\/v2\/types\/product"}],"wp:featuredmedia":[{"embeddable":true,"href":"https:\/\/explotumarca.com\/index.php?rest_route=\/wp\/v2\/media\/5689"}],"wp:attachment":[{"href":"https:\/\/explotumarca.com\/index.php?rest_route=%2Fwp%2Fv2%2Fmedia&parent=5686"}],"wp:term":[{"taxonomy":"product_cat","embeddable":true,"href":"https:\/\/explotumarca.com\/index.php?rest_route=%2Fwp%2Fv2%2Fproduct_cat&post=5686"},{"taxonomy":"product_tag","embeddable":true,"href":"https:\/\/explotumarca.com\/index.php?rest_route=%2Fwp%2Fv2%2Fproduct_tag&post=5686"}],"curies":[{"name":"wp","href":"https:\/\/api.w.org\/{rel}","templated":true}]}}