{"id":5753,"date":"2022-03-25T19:32:18","date_gmt":"2022-03-26T01:32:18","guid":{"rendered":"https:\/\/explotumarca.com\/?post_type=product&#038;p=5753"},"modified":"2022-04-11T13:38:54","modified_gmt":"2022-04-11T18:38:54","slug":"auricular-logitech-h820e","status":"publish","type":"product","link":"https:\/\/explotumarca.com\/?product=auricular-logitech-h820e","title":{"rendered":"AURICULAR LOGITECH H820E"},"content":{"rendered":"<h1 class=\"title js-title\">AURICULAR LOGITECH H820E<\/h1>\n<div class=\"large body js-subtitle\">Auriculares inal\u00e1mbricos para comunicaciones empresariales<\/div>\n<div><\/div>\n<div>\n<ul>\n<li>Radio de acci\u00f3n de hasta 100 metros<\/li>\n<li>Hasta diez horas de conversaci\u00f3n<\/li>\n<li>Confort prolongado<\/li>\n<\/ul>\n<p>&nbsp;<\/p>\n<\/div>\n<div class=\"js-col\">\n<div id=\"text_editable-i2661eb5cb59a218140296fd6b83076ed\" class=\"pangea-cmp body-copy js-pangea-body-copy aem-margin-options font-size-normal font-brown-light dc-kohle tc-kohle mc-kohle\" data-align-desktop=\"left\" data-align-tablet=\"left\" data-align-mobile=\"left\">\n<div class=\"aem-content-ctn no-container\">\n<div id=\"text_editable-i2661eb5cb59a218140296fd6b83076ed-padding-options\" class=\"aem-padding-options \">\n<div class=\"content-ctn rte-field text-width-normal\">\n<h2 class=\"body-copy-title font-hero-m font-brown-bold dc-kohle tc-kohle mc-kohle \">AUD\u00cdFONOS INAL\u00c1MBRICOS PR\u00c1CTICOS Y CONFORTABLES<\/h2>\n<p>Durante las conferencias prolongadas, poder levantarse de la silla puede ser una gran ventaja. Si llevas los aud\u00edfonos inal\u00e1mbricos con micr\u00f3fono Logitech H820e tendr\u00e1s libertad para tomar notas en una pizarra, pasar a una oficina tranquila o levantarte y estirarte un poco. Los aud\u00edfonos H820e se dise\u00f1aron para ofrecer confort y para que sean pr\u00e1cticos a la vez. Incluyen una diadema acolchada y almohadillas suaves sustituibles, con tecnolog\u00eda de supresi\u00f3n de ruido.<\/p>\n<p>&nbsp;<\/p>\n<p>Ll\u00e1manos al (55) 3342 8218 o d\u00e9janos tus datos <a href=\"https:\/\/explotumarca.com\/?page_id=14\">aqu\u00ed<\/a><\/p>\n<\/div>\n<\/div>\n<\/div>\n<\/div>\n<\/div>\n<div class=\"js-col\">\n<div id=\"image_editable-i6d959d7c9d91551f6c8e7ce833b00871\" class=\"pangea-cmp pangea-image aem-margin-options \">\n<div class=\"aem-content-ctn no-container\">\n<div id=\"image_editable-i6d959d7c9d91551f6c8e7ce833b00871-padding-options\" class=\"aem-padding-options dpts dpbs tpts tpbs mpts mpbs\"><picture class=\"pangea-cmp responsive-img js-pangea-responsive-img pangea-inited\" data-visible-desktop=\"true\" data-visible-tablet=\"true\" data-visible-mobile=\"true\" data-align-desktop=\"center\" data-align-tablet=\"center\" data-align-mobile=\"center\" data-full-width-desktop=\"false\" data-full-width-tablet=\"false\" data-full-width-mobile=\"false\"><source srcset=\"https:\/\/resource.logitech.com\/w_593,c_limit,q_auto,f_auto,dpr_1.0\/d_transparent.gif\/content\/dam\/logitech\/en\/products\/video-conferencing\/h820e\/h820e-intro.png?v=1 1x, https:\/\/resource.logitech.com\/w_593,c_limit,q_auto,f_auto,dpr_2.0\/d_transparent.gif\/content\/dam\/logitech\/en\/products\/video-conferencing\/h820e\/h820e-intro.png?v=1 2x\" media=\"(min-width: 1025px)\" \/><source srcset=\"https:\/\/resource.logitech.com\/w_453,c_limit,q_auto,f_auto,dpr_1.0\/d_transparent.gif\/content\/dam\/logitech\/en\/products\/video-conferencing\/h820e\/h820e-intro.png?v=1 1x, https:\/\/resource.logitech.com\/w_453,c_limit,q_auto,f_auto,dpr_2.0\/d_transparent.gif\/content\/dam\/logitech\/en\/products\/video-conferencing\/h820e\/h820e-intro.png?v=1 2x\" media=\"(min-width: 720px)\" \/><source srcset=\"https:\/\/resource.logitech.com\/w_525,c_limit,q_auto,f_auto,dpr_1.0\/d_transparent.gif\/content\/dam\/logitech\/en\/products\/video-conferencing\/h820e\/h820e-intro.png?v=1 1x, https:\/\/resource.logitech.com\/w_525,c_limit,q_auto,f_auto,dpr_2.0\/d_transparent.gif\/content\/dam\/logitech\/en\/products\/video-conferencing\/h820e\/h820e-intro.png?v=1 2x\" media=\"(max-width: 719px)\" \/><\/picture><\/div>\n<\/div>\n<\/div>\n<\/div>\n","protected":false},"excerpt":{"rendered":"<p>AURICULAR LOGITECH H820E Auriculares inal\u00e1mbricos para comunicaciones empresariales Radio de acci\u00f3n de hasta 100 metros Hasta diez horas de conversaci\u00f3n Confort prolongado &nbsp; AUD\u00cdFONOS INAL\u00c1MBRICOS PR\u00c1CTICOS Y CONFORTABLES Durante las conferencias prolongadas, poder levantarse de [&hellip;]<\/p>\n","protected":false},"featured_media":5757,"template":"","meta":{"content-type":""},"product_cat":[99],"product_tag":[],"class_list":{"0":"post-5753","1":"product","2":"type-product","3":"status-publish","4":"has-post-thumbnail","6":"product_cat-auriculares","8":"first","9":"instock","10":"taxable","11":"shipping-taxable","12":"product-type-simple"},"yoast_head":"<!-- This site is optimized with the Yoast SEO Premium plugin v18.8 (Yoast SEO v26.8) - https:\/\/yoast.com\/product\/yoast-seo-premium-wordpress\/ -->\n<title>Zoom videollamadas; venta de equipos especiales para zoom<\/title>\n<meta name=\"description\" content=\"Venta de equipos, salas, mantenimiento y capacitaci\u00f3n de zoom videollamadas para Empresas en M\u00e9xico. Cotiza los mejores equipos 2020.\" \/>\n<meta name=\"robots\" content=\"index, follow, max-snippet:-1, max-image-preview:large, max-video-preview:-1\" \/>\n<link rel=\"canonical\" href=\"https:\/\/explotumarca.com\/?product=auricular-logitech-h820e\" \/>\n<meta property=\"og:locale\" content=\"es_MX\" \/>\n<meta property=\"og:type\" content=\"article\" \/>\n<meta property=\"og:title\" content=\"AURICULAR LOGITECH H820E\" \/>\n<meta property=\"og:description\" content=\"AURICULAR LOGITECH H820E Auriculares inal\u00e1mbricos para comunicaciones empresariales Radio de acci\u00f3n de hasta 100 metros Hasta diez horas de conversaci\u00f3n\" \/>\n<meta property=\"og:url\" content=\"https:\/\/explotumarca.com\/?product=auricular-logitech-h820e\" \/>\n<meta property=\"og:site_name\" content=\"Explo\" \/>\n<meta property=\"article:publisher\" content=\"https:\/\/www.facebook.com\/MexicoExplo\/\" \/>\n<meta property=\"article:modified_time\" content=\"2022-04-11T18:38:54+00:00\" \/>\n<meta property=\"og:image\" content=\"https:\/\/explotumarca.com\/wp-content\/uploads\/2022\/03\/AURICULAR-LOGITECH-H820E-VIDEOCONFERENCIA-EXPLO-EXPLOTUMARCA-5.jpg\" \/>\n\t<meta property=\"og:image:width\" content=\"450\" \/>\n\t<meta property=\"og:image:height\" content=\"450\" \/>\n\t<meta property=\"og:image:type\" content=\"image\/jpeg\" \/>\n<meta name=\"twitter:card\" content=\"summary_large_image\" \/>\n<meta name=\"twitter:label1\" content=\"Tiempo de lectura\" \/>\n\t<meta name=\"twitter:data1\" content=\"1 minuto\" \/>\n<script type=\"application\/ld+json\" class=\"yoast-schema-graph\">{\"@context\":\"https:\/\/schema.org\",\"@graph\":[{\"@type\":\"WebPage\",\"@id\":\"https:\/\/explotumarca.com\/?product=auricular-logitech-h820e\",\"url\":\"https:\/\/explotumarca.com\/?product=auricular-logitech-h820e\",\"name\":\"Zoom videollamadas; venta de equipos especiales para zoom\",\"isPartOf\":{\"@id\":\"https:\/\/explotumarca.com\/#website\"},\"primaryImageOfPage\":{\"@id\":\"https:\/\/explotumarca.com\/?product=auricular-logitech-h820e#primaryimage\"},\"image\":{\"@id\":\"https:\/\/explotumarca.com\/?product=auricular-logitech-h820e#primaryimage\"},\"thumbnailUrl\":\"https:\/\/explotumarca.com\/wp-content\/uploads\/2022\/03\/AURICULAR-LOGITECH-H820E-VIDEOCONFERENCIA-EXPLO-EXPLOTUMARCA-5.jpg\",\"datePublished\":\"2022-03-26T01:32:18+00:00\",\"dateModified\":\"2022-04-11T18:38:54+00:00\",\"description\":\"Venta de equipos, salas, mantenimiento y capacitaci\u00f3n de zoom videollamadas para Empresas en M\u00e9xico. Cotiza los mejores equipos 2020.\",\"breadcrumb\":{\"@id\":\"https:\/\/explotumarca.com\/?product=auricular-logitech-h820e#breadcrumb\"},\"inLanguage\":\"es\",\"potentialAction\":[{\"@type\":\"ReadAction\",\"target\":[\"https:\/\/explotumarca.com\/?product=auricular-logitech-h820e\"]}]},{\"@type\":\"ImageObject\",\"inLanguage\":\"es\",\"@id\":\"https:\/\/explotumarca.com\/?product=auricular-logitech-h820e#primaryimage\",\"url\":\"https:\/\/explotumarca.com\/wp-content\/uploads\/2022\/03\/AURICULAR-LOGITECH-H820E-VIDEOCONFERENCIA-EXPLO-EXPLOTUMARCA-5.jpg\",\"contentUrl\":\"https:\/\/explotumarca.com\/wp-content\/uploads\/2022\/03\/AURICULAR-LOGITECH-H820E-VIDEOCONFERENCIA-EXPLO-EXPLOTUMARCA-5.jpg\",\"width\":450,\"height\":450,\"caption\":\"AURICULAR LOGITECH H820E VIDEOCONFERENCIA EXPLO EXPLOTUMARCA 2\"},{\"@type\":\"BreadcrumbList\",\"@id\":\"https:\/\/explotumarca.com\/?product=auricular-logitech-h820e#breadcrumb\",\"itemListElement\":[{\"@type\":\"ListItem\",\"position\":1,\"name\":\"Inicio\",\"item\":\"https:\/\/explotumarca.com\/\"},{\"@type\":\"ListItem\",\"position\":2,\"name\":\"Productos\",\"item\":\"https:\/\/explotumarca.com\/?post_type=product\"},{\"@type\":\"ListItem\",\"position\":3,\"name\":\"AURICULAR LOGITECH H820E\"}]},{\"@type\":\"WebSite\",\"@id\":\"https:\/\/explotumarca.com\/#website\",\"url\":\"https:\/\/explotumarca.com\/\",\"name\":\"Explo\",\"description\":\"Productos y servicios corporativos\",\"publisher\":{\"@id\":\"https:\/\/explotumarca.com\/#organization\"},\"potentialAction\":[{\"@type\":\"SearchAction\",\"target\":{\"@type\":\"EntryPoint\",\"urlTemplate\":\"https:\/\/explotumarca.com\/?s={search_term_string}\"},\"query-input\":{\"@type\":\"PropertyValueSpecification\",\"valueRequired\":true,\"valueName\":\"search_term_string\"}}],\"inLanguage\":\"es\"},{\"@type\":\"Organization\",\"@id\":\"https:\/\/explotumarca.com\/#organization\",\"name\":\"Explo\",\"url\":\"https:\/\/explotumarca.com\/\",\"logo\":{\"@type\":\"ImageObject\",\"inLanguage\":\"es\",\"@id\":\"https:\/\/explotumarca.com\/#\/schema\/logo\/image\/\",\"url\":\"http:\/\/arsnovamx.com\/explotumarca.com\/wp-content\/uploads\/2020\/10\/Nuevo-Logo-Explo-2020.jpg\",\"contentUrl\":\"http:\/\/arsnovamx.com\/explotumarca.com\/wp-content\/uploads\/2020\/10\/Nuevo-Logo-Explo-2020.jpg\",\"width\":800,\"height\":334,\"caption\":\"Explo\"},\"image\":{\"@id\":\"https:\/\/explotumarca.com\/#\/schema\/logo\/image\/\"},\"sameAs\":[\"https:\/\/www.facebook.com\/MexicoExplo\/\"]}]}<\/script>\n<!-- \/ Yoast SEO Premium plugin. -->","yoast_head_json":{"title":"Zoom videollamadas; venta de equipos especiales para zoom","description":"Venta de equipos, salas, mantenimiento y capacitaci\u00f3n de zoom videollamadas para Empresas en M\u00e9xico. Cotiza los mejores equipos 2020.","robots":{"index":"index","follow":"follow","max-snippet":"max-snippet:-1","max-image-preview":"max-image-preview:large","max-video-preview":"max-video-preview:-1"},"canonical":"https:\/\/explotumarca.com\/?product=auricular-logitech-h820e","og_locale":"es_MX","og_type":"article","og_title":"AURICULAR LOGITECH H820E","og_description":"AURICULAR LOGITECH H820E Auriculares inal\u00e1mbricos para comunicaciones empresariales Radio de acci\u00f3n de hasta 100 metros Hasta diez horas de conversaci\u00f3n","og_url":"https:\/\/explotumarca.com\/?product=auricular-logitech-h820e","og_site_name":"Explo","article_publisher":"https:\/\/www.facebook.com\/MexicoExplo\/","article_modified_time":"2022-04-11T18:38:54+00:00","og_image":[{"width":450,"height":450,"url":"https:\/\/explotumarca.com\/wp-content\/uploads\/2022\/03\/AURICULAR-LOGITECH-H820E-VIDEOCONFERENCIA-EXPLO-EXPLOTUMARCA-5.jpg","type":"image\/jpeg"}],"twitter_card":"summary_large_image","twitter_misc":{"Tiempo de lectura":"1 minuto"},"schema":{"@context":"https:\/\/schema.org","@graph":[{"@type":"WebPage","@id":"https:\/\/explotumarca.com\/?product=auricular-logitech-h820e","url":"https:\/\/explotumarca.com\/?product=auricular-logitech-h820e","name":"Zoom videollamadas; venta de equipos especiales para zoom","isPartOf":{"@id":"https:\/\/explotumarca.com\/#website"},"primaryImageOfPage":{"@id":"https:\/\/explotumarca.com\/?product=auricular-logitech-h820e#primaryimage"},"image":{"@id":"https:\/\/explotumarca.com\/?product=auricular-logitech-h820e#primaryimage"},"thumbnailUrl":"https:\/\/explotumarca.com\/wp-content\/uploads\/2022\/03\/AURICULAR-LOGITECH-H820E-VIDEOCONFERENCIA-EXPLO-EXPLOTUMARCA-5.jpg","datePublished":"2022-03-26T01:32:18+00:00","dateModified":"2022-04-11T18:38:54+00:00","description":"Venta de equipos, salas, mantenimiento y capacitaci\u00f3n de zoom videollamadas para Empresas en M\u00e9xico. Cotiza los mejores equipos 2020.","breadcrumb":{"@id":"https:\/\/explotumarca.com\/?product=auricular-logitech-h820e#breadcrumb"},"inLanguage":"es","potentialAction":[{"@type":"ReadAction","target":["https:\/\/explotumarca.com\/?product=auricular-logitech-h820e"]}]},{"@type":"ImageObject","inLanguage":"es","@id":"https:\/\/explotumarca.com\/?product=auricular-logitech-h820e#primaryimage","url":"https:\/\/explotumarca.com\/wp-content\/uploads\/2022\/03\/AURICULAR-LOGITECH-H820E-VIDEOCONFERENCIA-EXPLO-EXPLOTUMARCA-5.jpg","contentUrl":"https:\/\/explotumarca.com\/wp-content\/uploads\/2022\/03\/AURICULAR-LOGITECH-H820E-VIDEOCONFERENCIA-EXPLO-EXPLOTUMARCA-5.jpg","width":450,"height":450,"caption":"AURICULAR LOGITECH H820E VIDEOCONFERENCIA EXPLO EXPLOTUMARCA 2"},{"@type":"BreadcrumbList","@id":"https:\/\/explotumarca.com\/?product=auricular-logitech-h820e#breadcrumb","itemListElement":[{"@type":"ListItem","position":1,"name":"Inicio","item":"https:\/\/explotumarca.com\/"},{"@type":"ListItem","position":2,"name":"Productos","item":"https:\/\/explotumarca.com\/?post_type=product"},{"@type":"ListItem","position":3,"name":"AURICULAR LOGITECH H820E"}]},{"@type":"WebSite","@id":"https:\/\/explotumarca.com\/#website","url":"https:\/\/explotumarca.com\/","name":"Explo","description":"Productos y servicios corporativos","publisher":{"@id":"https:\/\/explotumarca.com\/#organization"},"potentialAction":[{"@type":"SearchAction","target":{"@type":"EntryPoint","urlTemplate":"https:\/\/explotumarca.com\/?s={search_term_string}"},"query-input":{"@type":"PropertyValueSpecification","valueRequired":true,"valueName":"search_term_string"}}],"inLanguage":"es"},{"@type":"Organization","@id":"https:\/\/explotumarca.com\/#organization","name":"Explo","url":"https:\/\/explotumarca.com\/","logo":{"@type":"ImageObject","inLanguage":"es","@id":"https:\/\/explotumarca.com\/#\/schema\/logo\/image\/","url":"http:\/\/arsnovamx.com\/explotumarca.com\/wp-content\/uploads\/2020\/10\/Nuevo-Logo-Explo-2020.jpg","contentUrl":"http:\/\/arsnovamx.com\/explotumarca.com\/wp-content\/uploads\/2020\/10\/Nuevo-Logo-Explo-2020.jpg","width":800,"height":334,"caption":"Explo"},"image":{"@id":"https:\/\/explotumarca.com\/#\/schema\/logo\/image\/"},"sameAs":["https:\/\/www.facebook.com\/MexicoExplo\/"]}]}},"_links":{"self":[{"href":"https:\/\/explotumarca.com\/index.php?rest_route=\/wp\/v2\/product\/5753","targetHints":{"allow":["GET"]}}],"collection":[{"href":"https:\/\/explotumarca.com\/index.php?rest_route=\/wp\/v2\/product"}],"about":[{"href":"https:\/\/explotumarca.com\/index.php?rest_route=\/wp\/v2\/types\/product"}],"wp:featuredmedia":[{"embeddable":true,"href":"https:\/\/explotumarca.com\/index.php?rest_route=\/wp\/v2\/media\/5757"}],"wp:attachment":[{"href":"https:\/\/explotumarca.com\/index.php?rest_route=%2Fwp%2Fv2%2Fmedia&parent=5753"}],"wp:term":[{"taxonomy":"product_cat","embeddable":true,"href":"https:\/\/explotumarca.com\/index.php?rest_route=%2Fwp%2Fv2%2Fproduct_cat&post=5753"},{"taxonomy":"product_tag","embeddable":true,"href":"https:\/\/explotumarca.com\/index.php?rest_route=%2Fwp%2Fv2%2Fproduct_tag&post=5753"}],"curies":[{"name":"wp","href":"https:\/\/api.w.org\/{rel}","templated":true}]}}